{"id":219,"date":"2024-05-15T18:46:07","date_gmt":"2024-05-15T16:46:07","guid":{"rendered":"https:\/\/przedszkolecieszyn.diecezjabielsko.pl\/?page_id=219"},"modified":"2026-03-30T12:31:57","modified_gmt":"2026-03-30T10:31:57","slug":"platnosci","status":"publish","type":"page","link":"https:\/\/przedszkolecieszyn.diecezjabielsko.pl\/index.php\/platnosci\/","title":{"rendered":"P\u0142atno\u015bci"},"content":{"rendered":"<p>[et_pb_section fb_built=&#8221;1&#8243; _builder_version=&#8221;4.25.1&#8243; _module_preset=&#8221;default&#8221; global_colors_info=&#8221;{}&#8221; theme_builder_area=&#8221;post_content&#8221;][et_pb_row _builder_version=&#8221;4.25.1&#8243; _module_preset=&#8221;default&#8221; global_colors_info=&#8221;{}&#8221; theme_builder_area=&#8221;post_content&#8221;][et_pb_column type=&#8221;4_4&#8243; _builder_version=&#8221;4.25.1&#8243; _module_preset=&#8221;default&#8221; global_colors_info=&#8221;{}&#8221; theme_builder_area=&#8221;post_content&#8221;][et_pb_text _builder_version=&#8221;4.25.1&#8243; _module_preset=&#8221;default&#8221; global_colors_info=&#8221;{}&#8221; theme_builder_area=&#8221;post_content&#8221;]<\/p>\n<p><span><\/span><\/p>\n<p><span>P\u0141ATNO\u015aCI W NASZYM PRZEDSZKOLU:<br \/><\/span><br \/><strong>OP\u0141ATA WPISOWA JEDNORAZOWA \u2013 350 Z\u0141<\/strong><\/p>\n<ul>\n<li>CZESNE: op\u0142ata sta\u0142a miesi\u0119czna 300 z\u0142 + 11 z\u0142 dzienna stawka \u017cywieniowa (\u015bniadanie, II \u015bniadanie, obiad, podwieczorek, II podwieczorek). \u015arednie miesi\u0119czne czesne (razem z wy\u017cywieniem) wynosi 500 z\u0142<\/li>\n<li>Od 1 wrze\u015bnia 2026 op\u0142ata sta\u0142a miesi\u0119czna wynosi\u0107 b\u0119dzie 350z\u0142<\/li>\n<li><span style=\"font-size: 18px;\">Rodze\u0144stwa otrzymuj\u0105 zni\u017ck\u0119 10 % na drugie dziecko.<\/span><\/li>\n<li>Dla rodzic\u00f3w w trudnej sytuacji finansowej op\u0142ata na dany rok jest ustalana indywidualnie.<\/li>\n<\/ul>\n<p><strong>WSZYSTKIE ZAJ\u0118CIA DODATKOWE S\u0104 NIEODP\u0141ATNE!<\/strong><br \/><span>(W RAMACH CZESNEGO)<\/span><\/p>\n<p>[\/et_pb_text][\/et_pb_column][\/et_pb_row][\/et_pb_section]<\/p>\n","protected":false},"excerpt":{"rendered":"<p>P\u0141ATNO\u015aCI W NASZYM PRZEDSZKOLU:OP\u0141ATA WPISOWA JEDNORAZOWA \u2013 350 Z\u0141 CZESNE: op\u0142ata sta\u0142a miesi\u0119czna 300 z\u0142 + 11 z\u0142 dzienna stawka \u017cywieniowa (\u015bniadanie, II \u015bniadanie, obiad, podwieczorek, II podwieczorek). \u015arednie miesi\u0119czne czesne (razem z wy\u017cywieniem) wynosi 500 z\u0142 Od 1 wrze\u015bnia 2026 op\u0142ata sta\u0142a miesi\u0119czna wynosi\u0107 b\u0119dzie 350z\u0142 Rodze\u0144stwa otrzymuj\u0105 zni\u017ck\u0119 10 % na drugie dziecko. [&hellip;]<\/p>\n","protected":false},"author":2,"featured_media":0,"parent":0,"menu_order":0,"comment_status":"closed","ping_status":"closed","template":"","meta":{"_et_pb_use_builder":"on","_et_pb_old_content":"","_et_gb_content_width":"","footnotes":""},"class_list":["post-219","page","type-page","status-publish","hentry"],"_links":{"self":[{"href":"https:\/\/przedszkolecieszyn.diecezjabielsko.pl\/index.php\/wp-json\/wp\/v2\/pages\/219","targetHints":{"allow":["GET"]}}],"collection":[{"href":"https:\/\/przedszkolecieszyn.diecezjabielsko.pl\/index.php\/wp-json\/wp\/v2\/pages"}],"about":[{"href":"https:\/\/przedszkolecieszyn.diecezjabielsko.pl\/index.php\/wp-json\/wp\/v2\/types\/page"}],"author":[{"embeddable":true,"href":"https:\/\/przedszkolecieszyn.diecezjabielsko.pl\/index.php\/wp-json\/wp\/v2\/users\/2"}],"replies":[{"embeddable":true,"href":"https:\/\/przedszkolecieszyn.diecezjabielsko.pl\/index.php\/wp-json\/wp\/v2\/comments?post=219"}],"version-history":[{"count":7,"href":"https:\/\/przedszkolecieszyn.diecezjabielsko.pl\/index.php\/wp-json\/wp\/v2\/pages\/219\/revisions"}],"predecessor-version":[{"id":1111,"href":"https:\/\/przedszkolecieszyn.diecezjabielsko.pl\/index.php\/wp-json\/wp\/v2\/pages\/219\/revisions\/1111"}],"wp:attachment":[{"href":"https:\/\/przedszkolecieszyn.diecezjabielsko.pl\/index.php\/wp-json\/wp\/v2\/media?parent=219"}],"curies":[{"name":"wp","href":"https:\/\/api.w.org\/{rel}","templated":true}]}}

Płatności

<p>[et_pb_section fb_built=&#8221;1&#8243; _builder_version=&#8221;4.25.1&#8243; _module_preset=&#8221;default&#8221; global_colors_info=&#8221;{}&#8221; theme_builder_area=&#8221;post_content&#8221;][et_pb_row _builder_version=&#8221;4.25.1&#8243; _module_preset=&#8221;default&#8221; global_colors_info=&#8221;{}&#8221; theme_builder_area=&#8221;post_content&#8221;][et_pb_column type=&#8221;4_4&#8243; _builder_version=&#8221;4.25.1&#8243; _module_preset=&#8221;default&#8221; global_colors_info=&#8221;{}&#8221; theme_builder_area=&#8221;post_content&#8221;][et_pb_text _builder_version=&#8221;4.25.1&#8243; _module_preset=&#8221;default&#8221; global_colors_info=&#8221;{}&#8221; theme_builder_area=&#8221;post_content&#8221;]</p>
<p><span></span></p>
<p><span>PŁATNOŚCI W NASZYM PRZEDSZKOLU:<br /></span><br /><strong>OPŁATA WPISOWA JEDNORAZOWA – 350 ZŁ</strong></p>
<ul>
<li>CZESNE: opłata stała miesięczna 300 zł + 11 zł dzienna stawka żywieniowa (śniadanie, II śniadanie, obiad, podwieczorek, II podwieczorek). Średnie miesięczne czesne (razem z wyżywieniem) wynosi 500 zł</li>
<li>Od 1 września 2026 opłata stała miesięczna wynosić będzie 350zł</li>
<li><span style="font-size: 18px;">Rodzeństwa otrzymują zniżkę 10 % na drugie dziecko.</span></li>
<li>Dla rodziców w trudnej sytuacji finansowej opłata na dany rok jest ustalana indywidualnie.</li>
</ul>
<p><strong>WSZYSTKIE ZAJĘCIA DODATKOWE SĄ NIEODPŁATNE!</strong><br /><span>(W RAMACH CZESNEGO)</span></p>
<p>[/et_pb_text][/et_pb_column][/et_pb_row][/et_pb_section]</p>

<p>PŁATNOŚCI W NASZYM PRZEDSZKOLU:OPŁATA WPISOWA JEDNORAZOWA – 350 ZŁ CZESNE: opłata stała miesięczna 300 zł + 11 zł dzienna stawka żywieniowa (śniadanie, II śniadanie, obiad, podwieczorek, II podwieczorek). Średnie miesięczne czesne (razem z wyżywieniem) wynosi 500 zł Od 1 września 2026 opłata stała miesięczna wynosić będzie 350zł Rodzeństwa otrzymują zniżkę 10 % na drugie dziecko. [&hellip;]</p>
