{"id":230,"date":"2024-05-15T18:51:49","date_gmt":"2024-05-15T16:51:49","guid":{"rendered":"https:\/\/przedszkolecieszyn.diecezjabielsko.pl\/?page_id=230"},"modified":"2025-04-16T12:52:00","modified_gmt":"2025-04-16T10:52:00","slug":"dokumenty","status":"publish","type":"page","link":"https:\/\/przedszkolecieszyn.diecezjabielsko.pl\/index.php\/dokumenty\/","title":{"rendered":"Dokumenty"},"content":{"rendered":"<p>[et_pb_section fb_built=&#8221;1&#8243; _builder_version=&#8221;4.25.1&#8243; _module_preset=&#8221;default&#8221; global_colors_info=&#8221;{}&#8221; theme_builder_area=&#8221;post_content&#8221;][et_pb_row _builder_version=&#8221;4.25.1&#8243; _module_preset=&#8221;default&#8221; global_colors_info=&#8221;{}&#8221; theme_builder_area=&#8221;post_content&#8221;][et_pb_column type=&#8221;4_4&#8243; _builder_version=&#8221;4.25.1&#8243; _module_preset=&#8221;default&#8221; global_colors_info=&#8221;{}&#8221; theme_builder_area=&#8221;post_content&#8221;][et_pb_text _builder_version=&#8221;4.25.2&#8243; _module_preset=&#8221;default&#8221; global_colors_info=&#8221;{}&#8221; theme_builder_area=&#8221;post_content&#8221;]<\/p>\n<p><a href=\"https:\/\/przedszkolecieszyn.diecezjabielsko.pl\/wp-content\/uploads\/2025\/04\/Statut-2024-Gotowy.pdf\">Statut Katolickiego Przedszkola im. Dzieci\u0105tka Jezus w Cieszynie<\/a><\/p>\n<p><a href=\"https:\/\/przedszkolecieszyn.diecezjabielsko.pl\/wp-content\/uploads\/2024\/05\/karta_zgloszenia.pdf\" rel=\"attachment wp-att-234\">Karta zg\u0142oszenia dziecka do Katolickiego Przedszkola im. Dzieci\u0105tka Jezus w Cieszynie<\/a><\/p>\n<p><a href=\"https:\/\/przedszkolecieszyn.diecezjabielsko.pl\/wp-content\/uploads\/2024\/05\/program_wychowawczy.pdf\" rel=\"attachment wp-att-235\">Program wychowawczy Katolickiego Przedszkola im. Dzieci\u0105tka Jezus w Cieszynie<\/a><\/p>\n<p><a href=\"https:\/\/przedszkolecieszyn.diecezjabielsko.pl\/wp-content\/uploads\/2024\/05\/regulamin.pdf\" rel=\"attachment wp-att-236\">Regulamin przyprowadzania i odbierania dzieci z przedszkola obowi\u0105zuj\u0105cy w Katolickim Przedszkolu im. Dzieci\u0105tka Jezus w Cieszynie<\/a><\/p>\n<p><a href=\"https:\/\/przedszkolecieszyn.diecezjabielsko.pl\/wp-content\/uploads\/2024\/05\/wewnetrzna_procedura.pdf\" rel=\"attachment wp-att-237\">Wewn\u0119trzna Procedura Bezpiecze\u0144stwa<\/a><\/p>\n<p><a href=\"https:\/\/przedszkolecieszyn.diecezjabielsko.pl\/wp-content\/uploads\/2024\/05\/udzielanie_pomocy.pdf\" rel=\"attachment wp-att-238\">Procedura udzielania pomocy psychologiczno-pedagogicznej<\/a><\/p>\n<p>[\/et_pb_text][\/et_pb_column][\/et_pb_row][\/et_pb_section]<\/p>\n","protected":false},"excerpt":{"rendered":"<p>Statut Katolickiego Przedszkola im. Dzieci\u0105tka Jezus w Cieszynie Karta zg\u0142oszenia dziecka do Katolickiego Przedszkola im. Dzieci\u0105tka Jezus w Cieszynie Program wychowawczy Katolickiego Przedszkola im. Dzieci\u0105tka Jezus w Cieszynie Regulamin przyprowadzania i odbierania dzieci z przedszkola obowi\u0105zuj\u0105cy w Katolickim Przedszkolu im. Dzieci\u0105tka Jezus w Cieszynie Wewn\u0119trzna Procedura Bezpiecze\u0144stwa Procedura udzielania pomocy psychologiczno-pedagogicznej<\/p>\n","protected":false},"author":2,"featured_media":0,"parent":0,"menu_order":0,"comment_status":"closed","ping_status":"closed","template":"","meta":{"_et_pb_use_builder":"on","_et_pb_old_content":"","_et_gb_content_width":"","footnotes":""},"class_list":["post-230","page","type-page","status-publish","hentry"],"_links":{"self":[{"href":"https:\/\/przedszkolecieszyn.diecezjabielsko.pl\/index.php\/wp-json\/wp\/v2\/pages\/230","targetHints":{"allow":["GET"]}}],"collection":[{"href":"https:\/\/przedszkolecieszyn.diecezjabielsko.pl\/index.php\/wp-json\/wp\/v2\/pages"}],"about":[{"href":"https:\/\/przedszkolecieszyn.diecezjabielsko.pl\/index.php\/wp-json\/wp\/v2\/types\/page"}],"author":[{"embeddable":true,"href":"https:\/\/przedszkolecieszyn.diecezjabielsko.pl\/index.php\/wp-json\/wp\/v2\/users\/2"}],"replies":[{"embeddable":true,"href":"https:\/\/przedszkolecieszyn.diecezjabielsko.pl\/index.php\/wp-json\/wp\/v2\/comments?post=230"}],"version-history":[{"count":5,"href":"https:\/\/przedszkolecieszyn.diecezjabielsko.pl\/index.php\/wp-json\/wp\/v2\/pages\/230\/revisions"}],"predecessor-version":[{"id":948,"href":"https:\/\/przedszkolecieszyn.diecezjabielsko.pl\/index.php\/wp-json\/wp\/v2\/pages\/230\/revisions\/948"}],"wp:attachment":[{"href":"https:\/\/przedszkolecieszyn.diecezjabielsko.pl\/index.php\/wp-json\/wp\/v2\/media?parent=230"}],"curies":[{"name":"wp","href":"https:\/\/api.w.org\/{rel}","templated":true}]}}

<p>[et_pb_section fb_built=&#8221;1&#8243; _builder_version=&#8221;4.25.1&#8243; _module_preset=&#8221;default&#8221; global_colors_info=&#8221;{}&#8221; theme_builder_area=&#8221;post_content&#8221;][et_pb_row _builder_version=&#8221;4.25.1&#8243; _module_preset=&#8221;default&#8221; global_colors_info=&#8221;{}&#8221; theme_builder_area=&#8221;post_content&#8221;][et_pb_column type=&#8221;4_4&#8243; _builder_version=&#8221;4.25.1&#8243; _module_preset=&#8221;default&#8221; global_colors_info=&#8221;{}&#8221; theme_builder_area=&#8221;post_content&#8221;][et_pb_text _builder_version=&#8221;4.25.2&#8243; _module_preset=&#8221;default&#8221; global_colors_info=&#8221;{}&#8221; theme_builder_area=&#8221;post_content&#8221;]</p>
<p><a href="https://przedszkolecieszyn.diecezjabielsko.pl/wp-content/uploads/2025/04/Statut-2024-Gotowy.pdf">Statut Katolickiego Przedszkola im. Dzieciątka Jezus w Cieszynie</a></p>
<p><a href="https://przedszkolecieszyn.diecezjabielsko.pl/wp-content/uploads/2024/05/karta_zgloszenia.pdf" rel="attachment wp-att-234">Karta zgłoszenia dziecka do Katolickiego Przedszkola im. Dzieciątka Jezus w Cieszynie</a></p>
<p><a href="https://przedszkolecieszyn.diecezjabielsko.pl/wp-content/uploads/2024/05/program_wychowawczy.pdf" rel="attachment wp-att-235">Program wychowawczy Katolickiego Przedszkola im. Dzieciątka Jezus w Cieszynie</a></p>
<p><a href="https://przedszkolecieszyn.diecezjabielsko.pl/wp-content/uploads/2024/05/regulamin.pdf" rel="attachment wp-att-236">Regulamin przyprowadzania i odbierania dzieci z przedszkola obowiązujący w Katolickim Przedszkolu im. Dzieciątka Jezus w Cieszynie</a></p>
<p><a href="https://przedszkolecieszyn.diecezjabielsko.pl/wp-content/uploads/2024/05/wewnetrzna_procedura.pdf" rel="attachment wp-att-237">Wewnętrzna Procedura Bezpieczeństwa</a></p>
<p><a href="https://przedszkolecieszyn.diecezjabielsko.pl/wp-content/uploads/2024/05/udzielanie_pomocy.pdf" rel="attachment wp-att-238">Procedura udzielania pomocy psychologiczno-pedagogicznej</a></p>
<p>[/et_pb_text][/et_pb_column][/et_pb_row][/et_pb_section]</p>

<p>Statut Katolickiego Przedszkola im. Dzieciątka Jezus w Cieszynie Karta zgłoszenia dziecka do Katolickiego Przedszkola im. Dzieciątka Jezus w Cieszynie Program wychowawczy Katolickiego Przedszkola im. Dzieciątka Jezus w Cieszynie Regulamin przyprowadzania i odbierania dzieci z przedszkola obowiązujący w Katolickim Przedszkolu im. Dzieciątka Jezus w Cieszynie Wewnętrzna Procedura Bezpieczeństwa Procedura udzielania pomocy psychologiczno-pedagogicznej</p>
