{"id":240,"date":"2024-05-15T18:52:44","date_gmt":"2024-05-15T16:52:44","guid":{"rendered":"https:\/\/przedszkolecieszyn.diecezjabielsko.pl\/?page_id=240"},"modified":"2024-08-31T14:03:01","modified_gmt":"2024-08-31T12:03:01","slug":"czeste-pytania","status":"publish","type":"page","link":"https:\/\/przedszkolecieszyn.diecezjabielsko.pl\/index.php\/czeste-pytania\/","title":{"rendered":"Cz\u0119ste pytania"},"content":{"rendered":"<p>[et_pb_section fb_built=&#8221;1&#8243; _builder_version=&#8221;4.25.1&#8243; _module_preset=&#8221;default&#8221; global_colors_info=&#8221;{}&#8221; theme_builder_area=&#8221;post_content&#8221;][et_pb_row _builder_version=&#8221;4.25.1&#8243; _module_preset=&#8221;default&#8221; global_colors_info=&#8221;{}&#8221; theme_builder_area=&#8221;post_content&#8221;][et_pb_column type=&#8221;4_4&#8243; _builder_version=&#8221;4.25.1&#8243; _module_preset=&#8221;default&#8221; global_colors_info=&#8221;{}&#8221; theme_builder_area=&#8221;post_content&#8221;][et_pb_text _builder_version=&#8221;4.25.1&#8243; _module_preset=&#8221;default&#8221; global_colors_info=&#8221;{}&#8221; theme_builder_area=&#8221;post_content&#8221;]<\/p>\n<p><strong>Co warto wiedzie\u0107 przed zapisem dziecka do Katolickiego Przedszkola im. Dzieci\u0105tka Jezus w Cieszynie?<\/strong><br \/><span>Przedszkole czynne jest od poniedzia\u0142ku do pi\u0105tku w godzinach od 5.30 do 16.30.<\/span><br \/><span>Do przedszkola zapisa\u0107 mo\u017cna dziecko w wieku 2,5-6 lat. Plac\u00f3wka realizuje podstaw\u0119 programow\u0105 wychowania przedszkolnego oraz posiada bardzo bogat\u0105 ofert\u0119 zaj\u0119\u0107 dodatkowych. Zaj\u0119cia dodatkowe s\u0105 bezp\u0142atne i odbywaj\u0105 si\u0119 w czasie pobytu dziecka w przedszkolu.<\/span><\/p>\n<p><strong>Jaki jest podzia\u0142 na grupy wiekowe?<\/strong><br \/><span>Zazwyczaj w jednej grupie znajduj\u0105 si\u0119 dzieci z 2 rocznik\u00f3w. Grupy tworzymy w przede wszystkim w oparciu o wiek, a tak\u017ce dojrza\u0142o\u015b\u0107 emocjonaln\u0105. Nasze grupy nie s\u0105 tak liczne jak w przedszkolach publicznych, licz\u0105 max. 23 osoby.<\/span><\/p>\n<p><strong>Czy przedszkole organizuje zaj\u0119cia adaptacyjne?<\/strong><br \/><span>Oczywi\u015bcie, \u017ce tak. Co roku w czerwcowe soboty zapraszamy dzieci wraz z rodzicami na zaj\u0119cia integracyjne z wychowawcami. Poza tym, rodzice\u00a0 z dzie\u0107mi mog\u0105 nas odwiedza\u0107 w dowolnym terminie, po uprzednim kontakcie telefonicznym. Ilo\u015b\u0107 wizyt w przedszkolu jest dowolna, zale\u017cy od potrzeb dziecka i rodzic\u00f3w, ponadto\u00a0 zach\u0119camy do pozostawienia dziecka w przedszkolu na kilka godzin w celu adaptacji przed dokonaniem zapisu.<\/span><\/p>\n<p><strong>Dlaczego warto wybra\u0107 nasze przedszkole?<\/strong><br \/><span>Poniewa\u017c jeste\u015bmy \u015bwietnym przedszkolem! Promujemy chrze\u015bcija\u0144ski system warto\u015bci. Nasze przedszkole zapewnia wszechstronny, bezpieczny, radosny rozw\u00f3j wszystkim swoim wychowankom. Traktujemy ka\u017cde dziecko indywidualnie i podmiotowo. D\u0105\u017cymy do tego, by dzieci czu\u0142y si\u0119 kochane, akceptowane i szcz\u0119\u015bliwe. Przygotowujemy je do prze\u017cywania sukcesu, ale i do radzenia sobie z pora\u017ckami. Proponujemy bogat\u0105 ofert\u0119 edukacyjn\u0105 za nisk\u0105 cen\u0119. Ciekawe zaj\u0119cia i warsztaty sprawiaj\u0105, \u017ce dzieci lubi\u0105 ucz\u0119szcza\u0107 do naszego przedszkola. Dysponujemy bardzo dobr\u0105 baz\u0105 lokalow\u0105 z pi\u0119knymi salami i dwoma ogrodami zabaw. W naszym przedszkolu pracuj\u0105 ludzie z pasj\u0105 i z powo\u0142ania.<\/span><\/p>\n<p><strong>Czy przedszkole przygotowuje dzieci do podj\u0119cia nauki w szkole?<\/strong><br \/><span>Tak, oczywi\u015bcie. Codziennie do po\u0142udnia odbywaj\u0105 si\u0119 zaj\u0119cia, w czasie kt\u00f3rych realizowana jest obowi\u0105zkowa podstawa programowa wychowania przedszkolnego. Nasi absolwenci \u015bwietnie radz\u0105 sobie w szkole podstawowej.<\/span><\/p>\n<p><strong>Chcia\u0142bym si\u0119 spotka\u0107 i porozmawia\u0107 z dyrektorem \u2013 kiedy by\u0142oby to mo\u017cliwe?<\/strong><br \/><span>Dyrektorem Przedszkola jest Pani Beata Klimczak. Spotkania z rodzicami s\u0105 umawiane w indywidualnych terminach, kt\u00f3re nale\u017cy ustali\u0107 w sekretariacie.<\/span><\/p>\n<p><strong>Czy w przypadku zapisania rodze\u0144stwa b\u0119d\u0119 mia\u0142\/a zni\u017ck\u0119?<\/strong><br \/><span>Tak, przedszkole zapewnia zni\u017cki przy zapisie rodze\u0144stw. Na drugie i kolejne dziecko oferujemy 10 % zni\u017cki. Poza tym, pomagamy w trudnej sytuacji finansowej wielu rodzicom i obni\u017camy indywidualnie op\u0142at\u0119 sta\u0142\u0105.<\/span><\/p>\n<p><strong>Czy w Przedszkolu jest le\u017cakowanie?<\/strong><br \/><span>Tak, codziennie po obiedzie grupa 3 i 4-latk\u00f3w ma\u00a0czas na odpoczynek na le\u017caczkach i bajkoterapi\u0119.<\/span><\/p>\n<p><strong>Czy dzieci s\u0105 ubezpieczone?<\/strong><br \/><span>Nie, ubezpieczenie dziecka w przedszkolu nie jest obowi\u0105zkowe. Rodzice mog\u0105 indywidualnie ubezpieczy\u0107 dziecko. Szczeg\u00f3\u0142y dotycz\u0105ce wysoko\u015bci sk\u0142adki oraz warunk\u00f3w ubezpieczenia dost\u0119pne s\u0105 w sekretariacie.<\/span><\/p>\n<p>[\/et_pb_text][\/et_pb_column][\/et_pb_row][\/et_pb_section]<\/p>\n","protected":false},"excerpt":{"rendered":"<p>Co warto wiedzie\u0107 przed zapisem dziecka do Katolickiego Przedszkola im. Dzieci\u0105tka Jezus w Cieszynie?Przedszkole czynne jest od poniedzia\u0142ku do pi\u0105tku w godzinach od 5.30 do 16.30.Do przedszkola zapisa\u0107 mo\u017cna dziecko w wieku 2,5-6 lat. Plac\u00f3wka realizuje podstaw\u0119 programow\u0105 wychowania przedszkolnego oraz posiada bardzo bogat\u0105 ofert\u0119 zaj\u0119\u0107 dodatkowych. Zaj\u0119cia dodatkowe s\u0105 bezp\u0142atne i odbywaj\u0105 si\u0119 w [&hellip;]<\/p>\n","protected":false},"author":2,"featured_media":0,"parent":0,"menu_order":0,"comment_status":"closed","ping_status":"closed","template":"","meta":{"_et_pb_use_builder":"on","_et_pb_old_content":"","_et_gb_content_width":"","footnotes":""},"class_list":["post-240","page","type-page","status-publish","hentry"],"_links":{"self":[{"href":"https:\/\/przedszkolecieszyn.diecezjabielsko.pl\/index.php\/wp-json\/wp\/v2\/pages\/240","targetHints":{"allow":["GET"]}}],"collection":[{"href":"https:\/\/przedszkolecieszyn.diecezjabielsko.pl\/index.php\/wp-json\/wp\/v2\/pages"}],"about":[{"href":"https:\/\/przedszkolecieszyn.diecezjabielsko.pl\/index.php\/wp-json\/wp\/v2\/types\/page"}],"author":[{"embeddable":true,"href":"https:\/\/przedszkolecieszyn.diecezjabielsko.pl\/index.php\/wp-json\/wp\/v2\/users\/2"}],"replies":[{"embeddable":true,"href":"https:\/\/przedszkolecieszyn.diecezjabielsko.pl\/index.php\/wp-json\/wp\/v2\/comments?post=240"}],"version-history":[{"count":3,"href":"https:\/\/przedszkolecieszyn.diecezjabielsko.pl\/index.php\/wp-json\/wp\/v2\/pages\/240\/revisions"}],"predecessor-version":[{"id":700,"href":"https:\/\/przedszkolecieszyn.diecezjabielsko.pl\/index.php\/wp-json\/wp\/v2\/pages\/240\/revisions\/700"}],"wp:attachment":[{"href":"https:\/\/przedszkolecieszyn.diecezjabielsko.pl\/index.php\/wp-json\/wp\/v2\/media?parent=240"}],"curies":[{"name":"wp","href":"https:\/\/api.w.org\/{rel}","templated":true}]}}

Częste pytania

<p>[et_pb_section fb_built=&#8221;1&#8243; _builder_version=&#8221;4.25.1&#8243; _module_preset=&#8221;default&#8221; global_colors_info=&#8221;{}&#8221; theme_builder_area=&#8221;post_content&#8221;][et_pb_row _builder_version=&#8221;4.25.1&#8243; _module_preset=&#8221;default&#8221; global_colors_info=&#8221;{}&#8221; theme_builder_area=&#8221;post_content&#8221;][et_pb_column type=&#8221;4_4&#8243; _builder_version=&#8221;4.25.1&#8243; _module_preset=&#8221;default&#8221; global_colors_info=&#8221;{}&#8221; theme_builder_area=&#8221;post_content&#8221;][et_pb_text _builder_version=&#8221;4.25.1&#8243; _module_preset=&#8221;default&#8221; global_colors_info=&#8221;{}&#8221; theme_builder_area=&#8221;post_content&#8221;]</p>
<p><strong>Co warto wiedzieć przed zapisem dziecka do Katolickiego Przedszkola im. Dzieciątka Jezus w Cieszynie?</strong><br /><span>Przedszkole czynne jest od poniedziałku do piątku w godzinach od 5.30 do 16.30.</span><br /><span>Do przedszkola zapisać można dziecko w wieku 2,5-6 lat. Placówka realizuje podstawę programową wychowania przedszkolnego oraz posiada bardzo bogatą ofertę zajęć dodatkowych. Zajęcia dodatkowe są bezpłatne i odbywają się w czasie pobytu dziecka w przedszkolu.</span></p>
<p><strong>Jaki jest podział na grupy wiekowe?</strong><br /><span>Zazwyczaj w jednej grupie znajdują się dzieci z 2 roczników. Grupy tworzymy w przede wszystkim w oparciu o wiek, a także dojrzałość emocjonalną. Nasze grupy nie są tak liczne jak w przedszkolach publicznych, liczą max. 23 osoby.</span></p>
<p><strong>Czy przedszkole organizuje zajęcia adaptacyjne?</strong><br /><span>Oczywiście, że tak. Co roku w czerwcowe soboty zapraszamy dzieci wraz z rodzicami na zajęcia integracyjne z wychowawcami. Poza tym, rodzice  z dziećmi mogą nas odwiedzać w dowolnym terminie, po uprzednim kontakcie telefonicznym. Ilość wizyt w przedszkolu jest dowolna, zależy od potrzeb dziecka i rodziców, ponadto  zachęcamy do pozostawienia dziecka w przedszkolu na kilka godzin w celu adaptacji przed dokonaniem zapisu.</span></p>
<p><strong>Dlaczego warto wybrać nasze przedszkole?</strong><br /><span>Ponieważ jesteśmy świetnym przedszkolem! Promujemy chrześcijański system wartości. Nasze przedszkole zapewnia wszechstronny, bezpieczny, radosny rozwój wszystkim swoim wychowankom. Traktujemy każde dziecko indywidualnie i podmiotowo. Dążymy do tego, by dzieci czuły się kochane, akceptowane i szczęśliwe. Przygotowujemy je do przeżywania sukcesu, ale i do radzenia sobie z porażkami. Proponujemy bogatą ofertę edukacyjną za niską cenę. Ciekawe zajęcia i warsztaty sprawiają, że dzieci lubią uczęszczać do naszego przedszkola. Dysponujemy bardzo dobrą bazą lokalową z pięknymi salami i dwoma ogrodami zabaw. W naszym przedszkolu pracują ludzie z pasją i z powołania.</span></p>
<p><strong>Czy przedszkole przygotowuje dzieci do podjęcia nauki w szkole?</strong><br /><span>Tak, oczywiście. Codziennie do południa odbywają się zajęcia, w czasie których realizowana jest obowiązkowa podstawa programowa wychowania przedszkolnego. Nasi absolwenci świetnie radzą sobie w szkole podstawowej.</span></p>
<p><strong>Chciałbym się spotkać i porozmawiać z dyrektorem – kiedy byłoby to możliwe?</strong><br /><span>Dyrektorem Przedszkola jest Pani Beata Klimczak. Spotkania z rodzicami są umawiane w indywidualnych terminach, które należy ustalić w sekretariacie.</span></p>
<p><strong>Czy w przypadku zapisania rodzeństwa będę miał/a zniżkę?</strong><br /><span>Tak, przedszkole zapewnia zniżki przy zapisie rodzeństw. Na drugie i kolejne dziecko oferujemy 10 % zniżki. Poza tym, pomagamy w trudnej sytuacji finansowej wielu rodzicom i obniżamy indywidualnie opłatę stałą.</span></p>
<p><strong>Czy w Przedszkolu jest leżakowanie?</strong><br /><span>Tak, codziennie po obiedzie grupa 3 i 4-latków ma czas na odpoczynek na leżaczkach i bajkoterapię.</span></p>
<p><strong>Czy dzieci są ubezpieczone?</strong><br /><span>Nie, ubezpieczenie dziecka w przedszkolu nie jest obowiązkowe. Rodzice mogą indywidualnie ubezpieczyć dziecko. Szczegóły dotyczące wysokości składki oraz warunków ubezpieczenia dostępne są w sekretariacie.</span></p>
<p>[/et_pb_text][/et_pb_column][/et_pb_row][/et_pb_section]</p>

<p>Co warto wiedzieć przed zapisem dziecka do Katolickiego Przedszkola im. Dzieciątka Jezus w Cieszynie?Przedszkole czynne jest od poniedziałku do piątku w godzinach od 5.30 do 16.30.Do przedszkola zapisać można dziecko w wieku 2,5-6 lat. Placówka realizuje podstawę programową wychowania przedszkolnego oraz posiada bardzo bogatą ofertę zajęć dodatkowych. Zajęcia dodatkowe są bezpłatne i odbywają się w [&hellip;]</p>
