{"id":247,"date":"2024-05-15T18:54:56","date_gmt":"2024-05-15T16:54:56","guid":{"rendered":"https:\/\/przedszkolecieszyn.diecezjabielsko.pl\/?page_id=247"},"modified":"2024-05-15T18:54:56","modified_gmt":"2024-05-15T16:54:56","slug":"klauzula-informacyjna","status":"publish","type":"page","link":"https:\/\/przedszkolecieszyn.diecezjabielsko.pl\/index.php\/klauzula-informacyjna\/","title":{"rendered":"Klauzula informacyjna"},"content":{"rendered":"<p>[et_pb_section fb_built=&#8221;1&#8243; theme_builder_area=&#8221;post_content&#8221; _builder_version=&#8221;4.25.1&#8243; _module_preset=&#8221;default&#8221;][et_pb_row _builder_version=&#8221;4.25.1&#8243; _module_preset=&#8221;default&#8221; theme_builder_area=&#8221;post_content&#8221;][et_pb_column _builder_version=&#8221;4.25.1&#8243; _module_preset=&#8221;default&#8221; type=&#8221;4_4&#8243; theme_builder_area=&#8221;post_content&#8221;][et_pb_text _builder_version=&#8221;4.25.1&#8243; _module_preset=&#8221;default&#8221; theme_builder_area=&#8221;post_content&#8221; hover_enabled=&#8221;0&#8243; sticky_enabled=&#8221;0&#8243;]<\/p>\n<p><span>Zgodnie z art. 13 Rozporz\u0105dzenia Parlamentu Europejskiego i Rady (UE) 2016\/679 z dnia 27 kwietnia 2016 r. w sprawie ochrony os\u00f3b fizycznych w zwi\u0105zku z przetwarzaniem danych osobowych i w sprawie swobodnego przep\u0142ywu takich danych oraz uchylenia dyrektywy 95\/46\/WE (RODO) informujemy, \u017ce:<\/span><\/p>\n<ol>\n<li>Administratorem danych osobowych, przetwarzanych w plac\u00f3wkach o\u015bwiatowych Stowarzyszenia, jest Stowarzyszenie \u201dDziedzictwo \u015bw. Jana Sarkandra\u201d Plac Dominika\u0144ski 2, 43-400 Cieszyn, NIP 5480019863, REGON:070443272, KRS:0000063101.<\/li>\n<li>W Stowarzyszeniu powo\u0142any zosta\u0142 Inspektor Ochrony Danych Osobowych. Dane kontaktowe: adres email: <joomla-hidden-mail is-link=\"1\" is-email=\"1\" first=\"amFuc2Fya2FuZGVy\" last=\"d3AucGw=\" text=\"amFuc2Fya2FuZGVyQHdwLnBs\" base=\"\"><a href=\"mailto:jansarkander@wp.pl\" base=\"\">jansarkander@wp.pl<\/a><\/joomla-hidden-mail><\/li>\n<li>Dane osobowe s\u0105 przetwarzane przez Administratora Danych Osobowych:<br \/>&#8211; w celu wype\u0142nienia obowi\u0105zk\u00f3w prawnych ci\u0105\u017c\u0105cych na Administratorze, w szczeg\u00f3lno\u015bci w celu prawid\u0142owego zarz\u0105dzania jednostk\u0105 o\u015bwiatow\u0105 i dokumentowania procesu pracy dydaktyczno-wychowawczej oraz realizacji zada\u0144 dydaktycznych , wychowawczych i opieku\u0144czych na podstawie ustawy z dnia 7 wrze\u015bnia 1991r. o systemie o\u015bwiaty, ustawy z dnia 14 grudnia 2016 r. Prawo O\u015bwiatowe oraz innych ustaw i akt\u00f3w wykonawczych w oparciu o art. 6 ust.1 lit.c RODO.<br \/>&#8211; w celu zawarcia i wykonania umowy ( art.6 ust.1 lit.b) RODO)<br \/>ADO przetwarza dane osobowe w \u015bci\u015ble okre\u015blonym , minimalnym zakresie, niezb\u0119dnym do osi\u0105gni\u0119cia cel\u00f3w o kt\u00f3rych mowa powy\u017cej. Dane osobowe udost\u0119pniane s\u0105 wy\u0142\u0105cznie upowa\u017cnionemu personelowi administratora oraz odbiorcom zewn\u0119trznym, gdy istnieje ku temu odpowiednia podstawa prawna. Mog\u0105 to by\u0107 podmioty przetwarzaj\u0105ce dane w ramach umowy powierzenia z administratorem. Dane osobowe przechowywane b\u0119d\u0105 przez okres archiwizacji wymagany przepisami prawa.<br \/>&#8211; w oparciu o Pana\/Pani dobrowoln\u0105 zgod\u0119 ( art.6 ust.1 lit.a) RODO)<\/li>\n<li>Dane osobowe Pa\u0144stwa oraz dziecka nie b\u0119d\u0105 przekazywane do Pa\u0144stwa trzeciego\/organizacji mi\u0119dzynarodowej.<\/li>\n<li>Posiadaj\u0105 Pa\u0144stwo prawo dost\u0119pu do tre\u015bci swoich danych i danych dziecka oraz prawo ich poprawiania, usuni\u0119cia, ograniczenia przetwarzania, prawo do przenoszenia danych osobowych, prawo wniesienia sprzeciwu, prawo do cofni\u0119cia zgody w dowolnym momencie bez wp\u0142ywu na zgodno\u015b\u0107 z prawem przetwarzania przed cofni\u0119ciem zgody. Zakres tych praw oraz sytuacje, kiedy mo\u017cna z nich korzysta\u0107 uzale\u017cnione s\u0105 od przepis\u00f3w prawa.<\/li>\n<li>Przys\u0142uguje Pa\u0144stwu prawo do wniesienia skargi do Organu Nadzorczego \u2013Prezesa Urz\u0119du Ochrony Danych Osobowych, gdy uznaj\u0105 Pa\u0144stwo, i\u017c przetwarzanie danych osobowych dotycz\u0105cych Pa\u0144stwa lub dziecka narusza przepisy RODO.<\/li>\n<li>Pa\u0144stwa oraz dziecka dane osobowe nie b\u0119d\u0105 podlega\u0142y profilowaniu.<\/li>\n<li>Podanie danych osobowych jest dobrowolne, ale niezb\u0119dne w celu zawarcia umowy o \u015bwiadczenie us\u0142ug dydaktyczno- opieku\u0144czo- wychowawczych lub dydaktyczno- wychowawczych.<\/li>\n<\/ol>\n<p>INSPEKTOR OCHRONY DANYCH OSOBOWYCH<\/p>\n<p>[\/et_pb_text][\/et_pb_column][\/et_pb_row][\/et_pb_section]<\/p>\n","protected":false},"excerpt":{"rendered":"<p>Zgodnie z art. 13 Rozporz\u0105dzenia Parlamentu Europejskiego i Rady (UE) 2016\/679 z dnia 27 kwietnia 2016 r. w sprawie ochrony os\u00f3b fizycznych w zwi\u0105zku z przetwarzaniem danych osobowych i w sprawie swobodnego przep\u0142ywu takich danych oraz uchylenia dyrektywy 95\/46\/WE (RODO) informujemy, \u017ce: Administratorem danych osobowych, przetwarzanych w plac\u00f3wkach o\u015bwiatowych Stowarzyszenia, jest Stowarzyszenie \u201dDziedzictwo \u015bw. Jana [&hellip;]<\/p>\n","protected":false},"author":2,"featured_media":0,"parent":0,"menu_order":0,"comment_status":"closed","ping_status":"closed","template":"","meta":{"_et_pb_use_builder":"on","_et_pb_old_content":"","_et_gb_content_width":"","footnotes":""},"class_list":["post-247","page","type-page","status-publish","hentry"],"_links":{"self":[{"href":"https:\/\/przedszkolecieszyn.diecezjabielsko.pl\/index.php\/wp-json\/wp\/v2\/pages\/247","targetHints":{"allow":["GET"]}}],"collection":[{"href":"https:\/\/przedszkolecieszyn.diecezjabielsko.pl\/index.php\/wp-json\/wp\/v2\/pages"}],"about":[{"href":"https:\/\/przedszkolecieszyn.diecezjabielsko.pl\/index.php\/wp-json\/wp\/v2\/types\/page"}],"author":[{"embeddable":true,"href":"https:\/\/przedszkolecieszyn.diecezjabielsko.pl\/index.php\/wp-json\/wp\/v2\/users\/2"}],"replies":[{"embeddable":true,"href":"https:\/\/przedszkolecieszyn.diecezjabielsko.pl\/index.php\/wp-json\/wp\/v2\/comments?post=247"}],"version-history":[{"count":3,"href":"https:\/\/przedszkolecieszyn.diecezjabielsko.pl\/index.php\/wp-json\/wp\/v2\/pages\/247\/revisions"}],"predecessor-version":[{"id":250,"href":"https:\/\/przedszkolecieszyn.diecezjabielsko.pl\/index.php\/wp-json\/wp\/v2\/pages\/247\/revisions\/250"}],"wp:attachment":[{"href":"https:\/\/przedszkolecieszyn.diecezjabielsko.pl\/index.php\/wp-json\/wp\/v2\/media?parent=247"}],"curies":[{"name":"wp","href":"https:\/\/api.w.org\/{rel}","templated":true}]}}

<p>[et_pb_section fb_built=&#8221;1&#8243; theme_builder_area=&#8221;post_content&#8221; _builder_version=&#8221;4.25.1&#8243; _module_preset=&#8221;default&#8221;][et_pb_row _builder_version=&#8221;4.25.1&#8243; _module_preset=&#8221;default&#8221; theme_builder_area=&#8221;post_content&#8221;][et_pb_column _builder_version=&#8221;4.25.1&#8243; _module_preset=&#8221;default&#8221; type=&#8221;4_4&#8243; theme_builder_area=&#8221;post_content&#8221;][et_pb_text _builder_version=&#8221;4.25.1&#8243; _module_preset=&#8221;default&#8221; theme_builder_area=&#8221;post_content&#8221; hover_enabled=&#8221;0&#8243; sticky_enabled=&#8221;0&#8243;]</p>
<p><span>Zgodnie z art. 13 Rozporządzenia Parlamentu Europejskiego i Rady (UE) 2016/679 z dnia 27 kwietnia 2016 r. w sprawie ochrony osób fizycznych w związku z przetwarzaniem danych osobowych i w sprawie swobodnego przepływu takich danych oraz uchylenia dyrektywy 95/46/WE (RODO) informujemy, że:</span></p>
<ol>
<li>Administratorem danych osobowych, przetwarzanych w placówkach oświatowych Stowarzyszenia, jest Stowarzyszenie ”Dziedzictwo św. Jana Sarkandra” Plac Dominikański 2, 43-400 Cieszyn, NIP 5480019863, REGON:070443272, KRS:0000063101.</li>
<li>W Stowarzyszeniu powołany został Inspektor Ochrony Danych Osobowych. Dane kontaktowe: adres email: <joomla-hidden-mail is-link="1" is-email="1" first="amFuc2Fya2FuZGVy" last="d3AucGw=" text="amFuc2Fya2FuZGVyQHdwLnBs" base=""><a href="mailto:jansarkander@wp.pl" base="">jansarkander@wp.pl</a></joomla-hidden-mail></li>
<li>Dane osobowe są przetwarzane przez Administratora Danych Osobowych:<br />&#8211; w celu wypełnienia obowiązków prawnych ciążących na Administratorze, w szczególności w celu prawidłowego zarządzania jednostką oświatową i dokumentowania procesu pracy dydaktyczno-wychowawczej oraz realizacji zadań dydaktycznych , wychowawczych i opiekuńczych na podstawie ustawy z dnia 7 września 1991r. o systemie oświaty, ustawy z dnia 14 grudnia 2016 r. Prawo Oświatowe oraz innych ustaw i aktów wykonawczych w oparciu o art. 6 ust.1 lit.c RODO.<br />&#8211; w celu zawarcia i wykonania umowy ( art.6 ust.1 lit.b) RODO)<br />ADO przetwarza dane osobowe w ściśle określonym , minimalnym zakresie, niezbędnym do osiągnięcia celów o których mowa powyżej. Dane osobowe udostępniane są wyłącznie upoważnionemu personelowi administratora oraz odbiorcom zewnętrznym, gdy istnieje ku temu odpowiednia podstawa prawna. Mogą to być podmioty przetwarzające dane w ramach umowy powierzenia z administratorem. Dane osobowe przechowywane będą przez okres archiwizacji wymagany przepisami prawa.<br />&#8211; w oparciu o Pana/Pani dobrowolną zgodę ( art.6 ust.1 lit.a) RODO)</li>
<li>Dane osobowe Państwa oraz dziecka nie będą przekazywane do Państwa trzeciego/organizacji międzynarodowej.</li>
<li>Posiadają Państwo prawo dostępu do treści swoich danych i danych dziecka oraz prawo ich poprawiania, usunięcia, ograniczenia przetwarzania, prawo do przenoszenia danych osobowych, prawo wniesienia sprzeciwu, prawo do cofnięcia zgody w dowolnym momencie bez wpływu na zgodność z prawem przetwarzania przed cofnięciem zgody. Zakres tych praw oraz sytuacje, kiedy można z nich korzystać uzależnione są od przepisów prawa.</li>
<li>Przysługuje Państwu prawo do wniesienia skargi do Organu Nadzorczego –Prezesa Urzędu Ochrony Danych Osobowych, gdy uznają Państwo, iż przetwarzanie danych osobowych dotyczących Państwa lub dziecka narusza przepisy RODO.</li>
<li>Państwa oraz dziecka dane osobowe nie będą podlegały profilowaniu.</li>
<li>Podanie danych osobowych jest dobrowolne, ale niezbędne w celu zawarcia umowy o świadczenie usług dydaktyczno- opiekuńczo- wychowawczych lub dydaktyczno- wychowawczych.</li>
</ol>
<p>INSPEKTOR OCHRONY DANYCH OSOBOWYCH</p>
<p>[/et_pb_text][/et_pb_column][/et_pb_row][/et_pb_section]</p>

<p>Zgodnie z art. 13 Rozporządzenia Parlamentu Europejskiego i Rady (UE) 2016/679 z dnia 27 kwietnia 2016 r. w sprawie ochrony osób fizycznych w związku z przetwarzaniem danych osobowych i w sprawie swobodnego przepływu takich danych oraz uchylenia dyrektywy 95/46/WE (RODO) informujemy, że: Administratorem danych osobowych, przetwarzanych w placówkach oświatowych Stowarzyszenia, jest Stowarzyszenie ”Dziedzictwo św. Jana [&hellip;]</p>
