{"id":262,"date":"2024-05-15T19:23:04","date_gmt":"2024-05-15T17:23:04","guid":{"rendered":"https:\/\/przedszkolecieszyn.diecezjabielsko.pl\/?page_id=262"},"modified":"2024-05-15T19:23:04","modified_gmt":"2024-05-15T17:23:04","slug":"ramowy-plan-dnia","status":"publish","type":"page","link":"https:\/\/przedszkolecieszyn.diecezjabielsko.pl\/index.php\/ramowy-plan-dnia\/","title":{"rendered":"Ramowy Plan Dnia"},"content":{"rendered":"<p>[et_pb_section fb_built=&#8221;1&#8243; theme_builder_area=&#8221;post_content&#8221; _builder_version=&#8221;4.25.1&#8243; _module_preset=&#8221;default&#8221;][et_pb_row _builder_version=&#8221;4.25.1&#8243; _module_preset=&#8221;default&#8221; theme_builder_area=&#8221;post_content&#8221;][et_pb_column _builder_version=&#8221;4.25.1&#8243; _module_preset=&#8221;default&#8221; type=&#8221;4_4&#8243; theme_builder_area=&#8221;post_content&#8221;][et_pb_text _builder_version=&#8221;4.25.1&#8243; _module_preset=&#8221;default&#8221; theme_builder_area=&#8221;post_content&#8221; hover_enabled=&#8221;0&#8243; sticky_enabled=&#8221;0&#8243;]<\/p>\n<h4>5.30 &#8211; 7.45<\/h4>\n<ul>\n<li>Schodzenie si\u0119 dzieci.<\/li>\n<li>Zabawy w k\u0105cikach zainteresowa\u0144, wykonywanie zada\u0144 indywidualnych, czynno\u015bci porz\u0105dkowo \u2013 gospodarcze, pomoc w przygotowaniu do zaj\u0119\u0107, \u0107wiczenia poranne, zabawy ruchowe; zabawy ze \u015bpiewem, zabawy integracyjne<\/li>\n<\/ul>\n<h4>7.45 &#8211; 8.25<\/h4>\n<ul>\n<li>Zabiegi higieniczne, przygotowanie do \u015bniadania.<\/li>\n<li>\u015aniadanie. Doskonalenie umiej\u0119tno\u015bci samodzielnego i estetycznego spo\u017cywania posi\u0142ku.<\/li>\n<\/ul>\n<h4>8.25- 10.45<\/h4>\n<ul>\n<li>Zintegrowana dzia\u0142alno\u015b\u0107 edukacyjna w oparciu o podstaw\u0119 programow\u0105, zaj\u0119cia i zabawy edukacyjne, zaj\u0119cia dodatkowe. Zabawy ruchowe, zaj\u0119cia i zabawy w ogrodzie przedszkolnym, spacery.<\/li>\n<\/ul>\n<h4>10.45- 11.45<\/h4>\n<ul>\n<li>Czynno\u015bci porz\u0105dkowe \u2013 higieniczne, przygotowanie do obiadu. Obiad. Doskonalenie umiej\u0119tno\u015bci samodzielnego i estetycznego spo\u017cywania posi\u0142ku.<\/li>\n<\/ul>\n<h4>11.45- 13.45<\/h4>\n<ul>\n<li>Odpoczynek poobiedni. Relaksacja, zabawy integracyjne, planszowe, konstrukcyjne, plastyczno-techniczne, zabawy w ogr\u00f3dku przedszkolnym, zaj\u0119cia dodatkowe.<\/li>\n<\/ul>\n<h4>13.45- 14.15<\/h4>\n<ul>\n<li>Podwieczorek I<\/li>\n<\/ul>\n<h4>14.15- 16.30<\/h4>\n<ul>\n<li>Kontynuacja dzia\u0142alno\u015bci edukacyjnej, zabawy i gry dydaktyczne, stolikowe, \u0107wiczenia gramatyczne, s\u0142ownikowe, praca wyr\u00f3wnawcza, indywidualna, zabawy dowolne wed\u0142ug zainteresowa\u0144, zaj\u0119cia w ma\u0142ych zespo\u0142ach, om\u00f3wienie z dzie\u0107mi wydarze\u0144 dnia<\/li>\n<\/ul>\n<h4>15.30<\/h4>\n<ul>\n<li>Podwieczorek II<\/li>\n<\/ul>\n<p>[\/et_pb_text][\/et_pb_column][\/et_pb_row][\/et_pb_section]<\/p>\n","protected":false},"excerpt":{"rendered":"<p>5.30 &#8211; 7.45 Schodzenie si\u0119 dzieci. Zabawy w k\u0105cikach zainteresowa\u0144, wykonywanie zada\u0144 indywidualnych, czynno\u015bci porz\u0105dkowo \u2013 gospodarcze, pomoc w przygotowaniu do zaj\u0119\u0107, \u0107wiczenia poranne, zabawy ruchowe; zabawy ze \u015bpiewem, zabawy integracyjne 7.45 &#8211; 8.25 Zabiegi higieniczne, przygotowanie do \u015bniadania. \u015aniadanie. Doskonalenie umiej\u0119tno\u015bci samodzielnego i estetycznego spo\u017cywania posi\u0142ku. 8.25- 10.45 Zintegrowana dzia\u0142alno\u015b\u0107 edukacyjna w oparciu o [&hellip;]<\/p>\n","protected":false},"author":2,"featured_media":0,"parent":0,"menu_order":0,"comment_status":"closed","ping_status":"closed","template":"","meta":{"_et_pb_use_builder":"on","_et_pb_old_content":"","_et_gb_content_width":"","footnotes":""},"class_list":["post-262","page","type-page","status-publish","hentry"],"_links":{"self":[{"href":"https:\/\/przedszkolecieszyn.diecezjabielsko.pl\/index.php\/wp-json\/wp\/v2\/pages\/262","targetHints":{"allow":["GET"]}}],"collection":[{"href":"https:\/\/przedszkolecieszyn.diecezjabielsko.pl\/index.php\/wp-json\/wp\/v2\/pages"}],"about":[{"href":"https:\/\/przedszkolecieszyn.diecezjabielsko.pl\/index.php\/wp-json\/wp\/v2\/types\/page"}],"author":[{"embeddable":true,"href":"https:\/\/przedszkolecieszyn.diecezjabielsko.pl\/index.php\/wp-json\/wp\/v2\/users\/2"}],"replies":[{"embeddable":true,"href":"https:\/\/przedszkolecieszyn.diecezjabielsko.pl\/index.php\/wp-json\/wp\/v2\/comments?post=262"}],"version-history":[{"count":3,"href":"https:\/\/przedszkolecieszyn.diecezjabielsko.pl\/index.php\/wp-json\/wp\/v2\/pages\/262\/revisions"}],"predecessor-version":[{"id":265,"href":"https:\/\/przedszkolecieszyn.diecezjabielsko.pl\/index.php\/wp-json\/wp\/v2\/pages\/262\/revisions\/265"}],"wp:attachment":[{"href":"https:\/\/przedszkolecieszyn.diecezjabielsko.pl\/index.php\/wp-json\/wp\/v2\/media?parent=262"}],"curies":[{"name":"wp","href":"https:\/\/api.w.org\/{rel}","templated":true}]}}

<p>[et_pb_section fb_built=&#8221;1&#8243; theme_builder_area=&#8221;post_content&#8221; _builder_version=&#8221;4.25.1&#8243; _module_preset=&#8221;default&#8221;][et_pb_row _builder_version=&#8221;4.25.1&#8243; _module_preset=&#8221;default&#8221; theme_builder_area=&#8221;post_content&#8221;][et_pb_column _builder_version=&#8221;4.25.1&#8243; _module_preset=&#8221;default&#8221; type=&#8221;4_4&#8243; theme_builder_area=&#8221;post_content&#8221;][et_pb_text _builder_version=&#8221;4.25.1&#8243; _module_preset=&#8221;default&#8221; theme_builder_area=&#8221;post_content&#8221; hover_enabled=&#8221;0&#8243; sticky_enabled=&#8221;0&#8243;]</p>
<h4>5.30 &#8211; 7.45</h4>
<ul>
<li>Schodzenie się dzieci.</li>
<li>Zabawy w kącikach zainteresowań, wykonywanie zadań indywidualnych, czynności porządkowo – gospodarcze, pomoc w przygotowaniu do zajęć, ćwiczenia poranne, zabawy ruchowe; zabawy ze śpiewem, zabawy integracyjne</li>
</ul>
<h4>7.45 &#8211; 8.25</h4>
<ul>
<li>Zabiegi higieniczne, przygotowanie do śniadania.</li>
<li>Śniadanie. Doskonalenie umiejętności samodzielnego i estetycznego spożywania posiłku.</li>
</ul>
<h4>8.25- 10.45</h4>
<ul>
<li>Zintegrowana działalność edukacyjna w oparciu o podstawę programową, zajęcia i zabawy edukacyjne, zajęcia dodatkowe. Zabawy ruchowe, zajęcia i zabawy w ogrodzie przedszkolnym, spacery.</li>
</ul>
<h4>10.45- 11.45</h4>
<ul>
<li>Czynności porządkowe – higieniczne, przygotowanie do obiadu. Obiad. Doskonalenie umiejętności samodzielnego i estetycznego spożywania posiłku.</li>
</ul>
<h4>11.45- 13.45</h4>
<ul>
<li>Odpoczynek poobiedni. Relaksacja, zabawy integracyjne, planszowe, konstrukcyjne, plastyczno-techniczne, zabawy w ogródku przedszkolnym, zajęcia dodatkowe.</li>
</ul>
<h4>13.45- 14.15</h4>
<ul>
<li>Podwieczorek I</li>
</ul>
<h4>14.15- 16.30</h4>
<ul>
<li>Kontynuacja działalności edukacyjnej, zabawy i gry dydaktyczne, stolikowe, ćwiczenia gramatyczne, słownikowe, praca wyrównawcza, indywidualna, zabawy dowolne według zainteresowań, zajęcia w małych zespołach, omówienie z dziećmi wydarzeń dnia</li>
</ul>
<h4>15.30</h4>
<ul>
<li>Podwieczorek II</li>
</ul>
<p>[/et_pb_text][/et_pb_column][/et_pb_row][/et_pb_section]</p>

<p>5.30 &#8211; 7.45 Schodzenie się dzieci. Zabawy w kącikach zainteresowań, wykonywanie zadań indywidualnych, czynności porządkowo – gospodarcze, pomoc w przygotowaniu do zajęć, ćwiczenia poranne, zabawy ruchowe; zabawy ze śpiewem, zabawy integracyjne 7.45 &#8211; 8.25 Zabiegi higieniczne, przygotowanie do śniadania. Śniadanie. Doskonalenie umiejętności samodzielnego i estetycznego spożywania posiłku. 8.25- 10.45 Zintegrowana działalność edukacyjna w oparciu o [&hellip;]</p>
