{"id":273,"date":"2024-05-15T19:51:37","date_gmt":"2024-05-15T17:51:37","guid":{"rendered":"https:\/\/przedszkolecieszyn.diecezjabielsko.pl\/?page_id=273"},"modified":"2025-09-07T19:30:04","modified_gmt":"2025-09-07T17:30:04","slug":"kalendarz-roku-przedszkolnego","status":"publish","type":"page","link":"https:\/\/przedszkolecieszyn.diecezjabielsko.pl\/index.php\/kalendarz-roku-przedszkolnego\/","title":{"rendered":"Kalendarz Roku Przedszkolnego"},"content":{"rendered":"<p>[et_pb_section fb_built=&#8221;1&#8243; _builder_version=&#8221;4.25.1&#8243; _module_preset=&#8221;default&#8221; global_colors_info=&#8221;{}&#8221; theme_builder_area=&#8221;post_content&#8221;][et_pb_row _builder_version=&#8221;4.25.1&#8243; _module_preset=&#8221;default&#8221; global_colors_info=&#8221;{}&#8221; theme_builder_area=&#8221;post_content&#8221;][et_pb_column type=&#8221;4_4&#8243; _builder_version=&#8221;4.25.1&#8243; _module_preset=&#8221;default&#8221; global_colors_info=&#8221;{}&#8221; theme_builder_area=&#8221;post_content&#8221;][et_pb_text _builder_version=&#8221;4.25.1&#8243; _module_preset=&#8221;default&#8221; global_colors_info=&#8221;{}&#8221; theme_builder_area=&#8221;post_content&#8221;]<\/p>\n<ul>\n<li>Rok szkolny 2025\/2026 trwa od 1 wrze\u015bnia 2025 r. do 31 sierpnia 2026 r.<\/li>\n<li>Zaj\u0119cia dydaktyczne zaczynaj\u0105 si\u0119 1 wrze\u015bnia 2025 r., a ko\u0144cz\u0105 26 czerwca 2026 r.<\/li>\n<li>W przedszkolu obowi\u0105zuje 5-dniowy tydzie\u0144 pracy.<\/li>\n<li>Ferie zimowe trwaj\u0105 od 16 lutego do 1 marca 2026 r.<\/li>\n<li>W okresie ferii zimowych, jak r\u00f3wnie\u017c w niekt\u00f3re dni podczas przerw \u015bwi\u0105tecznych przedszkole b\u0119dzie pe\u0142ni\u0142o dy\u017cur.<\/li>\n<li>W okresie wakacji przedszkole b\u0119dzie pe\u0142ni\u0142o dy\u017cur do 14 sierpnia.<\/li>\n<\/ul>\n<p><span>\u00a0<\/span><br \/><strong>Konsultacje rodzic\u00f3w z wychowawcami b\u0119d\u0105 odbywa\u0107 si\u0119 na bie\u017c\u0105co.<\/strong><\/p>\n<p><span>Dni wolne od zaj\u0119\u0107 dydaktyczno-opieku\u0144czych:<\/span><\/p>\n<ul>\n<li>Wigilia<\/li>\n<li>Sylwester<\/li>\n<li>Wielki Pi\u0105tek &#8211; 3 kwietnia 2026 r.<\/li>\n<\/ul>\n<p>[\/et_pb_text][\/et_pb_column][\/et_pb_row][\/et_pb_section]<\/p>\n","protected":false},"excerpt":{"rendered":"<p>Rok szkolny 2025\/2026 trwa od 1 wrze\u015bnia 2025 r. do 31 sierpnia 2026 r. Zaj\u0119cia dydaktyczne zaczynaj\u0105 si\u0119 1 wrze\u015bnia 2025 r., a ko\u0144cz\u0105 26 czerwca 2026 r. W przedszkolu obowi\u0105zuje 5-dniowy tydzie\u0144 pracy. Ferie zimowe trwaj\u0105 od 16 lutego do 1 marca 2026 r. W okresie ferii zimowych, jak r\u00f3wnie\u017c w niekt\u00f3re dni podczas [&hellip;]<\/p>\n","protected":false},"author":2,"featured_media":0,"parent":0,"menu_order":0,"comment_status":"closed","ping_status":"closed","template":"","meta":{"_et_pb_use_builder":"on","_et_pb_old_content":"","_et_gb_content_width":"","footnotes":""},"class_list":["post-273","page","type-page","status-publish","hentry"],"_links":{"self":[{"href":"https:\/\/przedszkolecieszyn.diecezjabielsko.pl\/index.php\/wp-json\/wp\/v2\/pages\/273","targetHints":{"allow":["GET"]}}],"collection":[{"href":"https:\/\/przedszkolecieszyn.diecezjabielsko.pl\/index.php\/wp-json\/wp\/v2\/pages"}],"about":[{"href":"https:\/\/przedszkolecieszyn.diecezjabielsko.pl\/index.php\/wp-json\/wp\/v2\/types\/page"}],"author":[{"embeddable":true,"href":"https:\/\/przedszkolecieszyn.diecezjabielsko.pl\/index.php\/wp-json\/wp\/v2\/users\/2"}],"replies":[{"embeddable":true,"href":"https:\/\/przedszkolecieszyn.diecezjabielsko.pl\/index.php\/wp-json\/wp\/v2\/comments?post=273"}],"version-history":[{"count":4,"href":"https:\/\/przedszkolecieszyn.diecezjabielsko.pl\/index.php\/wp-json\/wp\/v2\/pages\/273\/revisions"}],"predecessor-version":[{"id":1033,"href":"https:\/\/przedszkolecieszyn.diecezjabielsko.pl\/index.php\/wp-json\/wp\/v2\/pages\/273\/revisions\/1033"}],"wp:attachment":[{"href":"https:\/\/przedszkolecieszyn.diecezjabielsko.pl\/index.php\/wp-json\/wp\/v2\/media?parent=273"}],"curies":[{"name":"wp","href":"https:\/\/api.w.org\/{rel}","templated":true}]}}

<p>[et_pb_section fb_built=&#8221;1&#8243; _builder_version=&#8221;4.25.1&#8243; _module_preset=&#8221;default&#8221; global_colors_info=&#8221;{}&#8221; theme_builder_area=&#8221;post_content&#8221;][et_pb_row _builder_version=&#8221;4.25.1&#8243; _module_preset=&#8221;default&#8221; global_colors_info=&#8221;{}&#8221; theme_builder_area=&#8221;post_content&#8221;][et_pb_column type=&#8221;4_4&#8243; _builder_version=&#8221;4.25.1&#8243; _module_preset=&#8221;default&#8221; global_colors_info=&#8221;{}&#8221; theme_builder_area=&#8221;post_content&#8221;][et_pb_text _builder_version=&#8221;4.25.1&#8243; _module_preset=&#8221;default&#8221; global_colors_info=&#8221;{}&#8221; theme_builder_area=&#8221;post_content&#8221;]</p>
<ul>
<li>Rok szkolny 2025/2026 trwa od 1 września 2025 r. do 31 sierpnia 2026 r.</li>
<li>Zajęcia dydaktyczne zaczynają się 1 września 2025 r., a kończą 26 czerwca 2026 r.</li>
<li>W przedszkolu obowiązuje 5-dniowy tydzień pracy.</li>
<li>Ferie zimowe trwają od 16 lutego do 1 marca 2026 r.</li>
<li>W okresie ferii zimowych, jak również w niektóre dni podczas przerw świątecznych przedszkole będzie pełniło dyżur.</li>
<li>W okresie wakacji przedszkole będzie pełniło dyżur do 14 sierpnia.</li>
</ul>
<p><span> </span><br /><strong>Konsultacje rodziców z wychowawcami będą odbywać się na bieżąco.</strong></p>
<p><span>Dni wolne od zajęć dydaktyczno-opiekuńczych:</span></p>
<ul>
<li>Wigilia</li>
<li>Sylwester</li>
<li>Wielki Piątek &#8211; 3 kwietnia 2026 r.</li>
</ul>
<p>[/et_pb_text][/et_pb_column][/et_pb_row][/et_pb_section]</p>

<p>Rok szkolny 2025/2026 trwa od 1 września 2025 r. do 31 sierpnia 2026 r. Zajęcia dydaktyczne zaczynają się 1 września 2025 r., a kończą 26 czerwca 2026 r. W przedszkolu obowiązuje 5-dniowy tydzień pracy. Ferie zimowe trwają od 16 lutego do 1 marca 2026 r. W okresie ferii zimowych, jak również w niektóre dni podczas [&hellip;]</p>
