{"id":276,"date":"2024-05-15T19:52:24","date_gmt":"2024-05-15T17:52:24","guid":{"rendered":"https:\/\/przedszkolecieszyn.diecezjabielsko.pl\/?page_id=276"},"modified":"2024-05-15T19:52:24","modified_gmt":"2024-05-15T17:52:24","slug":"ubezpieczenia","status":"publish","type":"page","link":"https:\/\/przedszkolecieszyn.diecezjabielsko.pl\/index.php\/ubezpieczenia\/","title":{"rendered":"Ubezpieczenia"},"content":{"rendered":"<p>[et_pb_section fb_built=&#8221;1&#8243; theme_builder_area=&#8221;post_content&#8221; _builder_version=&#8221;4.25.1&#8243; _module_preset=&#8221;default&#8221;][et_pb_row _builder_version=&#8221;4.25.1&#8243; _module_preset=&#8221;default&#8221; theme_builder_area=&#8221;post_content&#8221;][et_pb_column _builder_version=&#8221;4.25.1&#8243; _module_preset=&#8221;default&#8221; type=&#8221;4_4&#8243; theme_builder_area=&#8221;post_content&#8221;][et_pb_text _builder_version=&#8221;4.25.1&#8243; _module_preset=&#8221;default&#8221; theme_builder_area=&#8221;post_content&#8221; hover_enabled=&#8221;0&#8243; sticky_enabled=&#8221;0&#8243;]<\/p>\n<p><strong>Wa\u017cny komunikat dla Rodzic\u00f3w dotycz\u0105cy ubezpieczenia NNW Szkolne<\/strong><\/p>\n<p><span>Szanowni Rodzice,<\/span><br \/><span>Informujemy, \u017ce w roku szkolnym 2021\/2022 ze wzgl\u0119du na obostrzenia sanitarne w plac\u00f3wkach o\u015bwiatowych oraz bezpiecze\u0144stwo wszystkich uczni\u00f3w, pracownik\u00f3w i Rodzic\u00f3w, nasze przedszkole postanowi\u0142o udost\u0119pni\u0107 mo\u017cliwo\u015b\u0107 zawierania polis NNW szkolnych w formie indywidualnej. <\/span><\/p>\n<p><span>Spo\u015br\u00f3d ofert ubezpieczenia jakie otrzymali\u015bmy, za najbardziej korzystne uznali\u015bmy indywidualne ubezpieczenie NNW z oferty Generali Towarzystwo Ubezpiecze\u0144 S.A. dost\u0119pne wy\u0142\u0105cznie na stronie <\/span><a href=\"http:\/\/www.bezpieczny.pl.\/\">www.bezpieczny.pl. <br \/><\/a><br \/><strong>Jako plac\u00f3wka otrzymali\u015bmy specjalny link do e-ulotki, umo\u017cliwiaj\u0105cy Pa\u0144stwu zakup indywidualnego ubezpieczenia szkolnego z 10% zni\u017ck\u0105.<\/strong><br \/><a href=\"https:\/\/bezpieczny.pl\/ubezpieczenia-dzieci\/40057\">https:\/\/bezpieczny.pl\/ubezpieczenia-dzieci\/40057<br \/><\/a><br \/><span><strong>UWAGA: Rodzice, kt\u00f3rzy ju\u017c w zesz\u0142ym roku skorzystali z oferty Bezpieczny.pl, przed zako\u0144czeniem ochrony ubezpieczeniowej otrzymaj\u0105 stosowne powiadomienia o mo\u017cliwo\u015bci kontynuacji umowy ubezpieczenia (wiadomo\u015b\u0107 e-mail i SMS) z zachowaniem 10% zni\u017cki.<\/strong><\/span><\/p>\n<p><strong>Poniewa\u017c ubezpieczenie to zawiera si\u0119 internetowo, ca\u0142kowicie unikamy ryzyka bezpo\u015bredniego kontaktu, zbierania sk\u0142adek czy podpis\u00f3w \u2013 jest to najbezpieczniejsza pod wzgl\u0119dem sanitarnym mo\u017cliwa opcja zawarcia polisy dla dziecka. <\/strong><\/p>\n<p><strong>Dedykowany kod\u00a0 <span>40057<\/span> jaki otrzymali\u015bmy pozwala na zawieranie ubezpiecze\u0144 w promocyjnych cena na stronie bezpieczny.pl, a wi\u0119c:<\/strong><\/p>\n<p><span><strong>My\u015bl\u0105c o swoich pociechach warto tak\u017ce pomy\u015ble\u0107 o Sobie (sk\u0142adki ju\u017c od 12z\u0142\/mc):<\/strong><\/span><br \/><a href=\"https:\/\/bezpieczny.pl\/kup-zycie-wlasny-pakiet\/40057\">https:\/\/bezpieczny.pl\/kup-zycie-wlasny-pakiet\/40057<br \/><\/a><br \/><span><strong>lub o swoich rodzicach, gdzie cz\u0119sto posiadaj\u0105 ubezpieczenia jako kontynuacj\u0119 ubezpiecze\u0144 grupowych na zdecydowanie gorszych warunkach (wiek wst\u0119pu do ubezpieczenia 61-80 lat):<\/strong><\/span><br \/><a href=\"https:\/\/bezpieczny.pl\/ubezpieczenie-na-zycie-61\/40057\">https:\/\/bezpieczny.pl\/ubezpieczenie-na-zycie-61\/40057<br \/><\/a><br \/><span><strong>Wybieraj\u0105c si\u0119 na urlop warto zadba\u0107 o bardzo dobre ubezpieczenie podr\u00f3\u017cne:<\/strong><\/span><br \/><a href=\"https:\/\/bezpieczny.pl\/ubezpieczenia-podrozne\/40057\">https:\/\/bezpieczny.pl\/ubezpieczenia-podrozne\/40057<br \/><\/a><br \/><span><strong>lub ubezpieczenie swojego samochodu na wypadek awarii czy wypadku w podr\u00f3\u017cy:<\/strong><\/span><br \/><a href=\"https:\/\/bezpieczny.pl\/assistance\/40057\">https:\/\/bezpieczny.pl\/assistance\/40057<br \/><\/a><br \/><span><strong>Po wype\u0142nieniu wniosku o zawarcie ubezpieczenia, polisa zostanie wys\u0142ana na adres e-mail wskazany przez Ubezpieczonego.<\/strong><\/span><\/p>\n<p><span>W sprawie wszelkich pyta\u0144 czy w\u0105tpliwo\u015bci odno\u015bnie ubezpiecze\u0144 na portalu Bezpieczny.pl prosimy o kontakt z :<\/span><br \/><strong>Mariusz Bolik<\/strong><br \/><span>Tel. 668 840 932<\/span><br \/><span>E-mail: <\/span><joomla-hidden-mail is-link=\"1\" is-email=\"1\" first=\"bWJvbGlr\" last=\"YmV6cGllY3pueS5wbA==\" text=\"bWJvbGlrQGJlenBpZWN6bnkucGw=\" base=\"\"><a href=\"mailto:mbolik@bezpieczny.pl\" base=\"\">mbolik@bezpieczny.pl<\/a><\/joomla-hidden-mail><br \/><span>www.mariuszbolik.pl<\/span><\/p>\n<p>[\/et_pb_text][\/et_pb_column][\/et_pb_row][\/et_pb_section]<\/p>\n","protected":false},"excerpt":{"rendered":"<p>Wa\u017cny komunikat dla Rodzic\u00f3w dotycz\u0105cy ubezpieczenia NNW Szkolne Szanowni Rodzice,Informujemy, \u017ce w roku szkolnym 2021\/2022 ze wzgl\u0119du na obostrzenia sanitarne w plac\u00f3wkach o\u015bwiatowych oraz bezpiecze\u0144stwo wszystkich uczni\u00f3w, pracownik\u00f3w i Rodzic\u00f3w, nasze przedszkole postanowi\u0142o udost\u0119pni\u0107 mo\u017cliwo\u015b\u0107 zawierania polis NNW szkolnych w formie indywidualnej. Spo\u015br\u00f3d ofert ubezpieczenia jakie otrzymali\u015bmy, za najbardziej korzystne uznali\u015bmy indywidualne ubezpieczenie NNW z [&hellip;]<\/p>\n","protected":false},"author":2,"featured_media":0,"parent":0,"menu_order":0,"comment_status":"closed","ping_status":"closed","template":"","meta":{"_et_pb_use_builder":"on","_et_pb_old_content":"","_et_gb_content_width":"","footnotes":""},"class_list":["post-276","page","type-page","status-publish","hentry"],"_links":{"self":[{"href":"https:\/\/przedszkolecieszyn.diecezjabielsko.pl\/index.php\/wp-json\/wp\/v2\/pages\/276","targetHints":{"allow":["GET"]}}],"collection":[{"href":"https:\/\/przedszkolecieszyn.diecezjabielsko.pl\/index.php\/wp-json\/wp\/v2\/pages"}],"about":[{"href":"https:\/\/przedszkolecieszyn.diecezjabielsko.pl\/index.php\/wp-json\/wp\/v2\/types\/page"}],"author":[{"embeddable":true,"href":"https:\/\/przedszkolecieszyn.diecezjabielsko.pl\/index.php\/wp-json\/wp\/v2\/users\/2"}],"replies":[{"embeddable":true,"href":"https:\/\/przedszkolecieszyn.diecezjabielsko.pl\/index.php\/wp-json\/wp\/v2\/comments?post=276"}],"version-history":[{"count":3,"href":"https:\/\/przedszkolecieszyn.diecezjabielsko.pl\/index.php\/wp-json\/wp\/v2\/pages\/276\/revisions"}],"predecessor-version":[{"id":279,"href":"https:\/\/przedszkolecieszyn.diecezjabielsko.pl\/index.php\/wp-json\/wp\/v2\/pages\/276\/revisions\/279"}],"wp:attachment":[{"href":"https:\/\/przedszkolecieszyn.diecezjabielsko.pl\/index.php\/wp-json\/wp\/v2\/media?parent=276"}],"curies":[{"name":"wp","href":"https:\/\/api.w.org\/{rel}","templated":true}]}}