{"id":287,"date":"2024-05-15T21:20:40","date_gmt":"2024-05-15T19:20:40","guid":{"rendered":"https:\/\/przedszkolecieszyn.diecezjabielsko.pl\/?page_id=287"},"modified":"2025-03-17T18:25:20","modified_gmt":"2025-03-17T17:25:20","slug":"aktywne-przedszkolaki","status":"publish","type":"page","link":"https:\/\/przedszkolecieszyn.diecezjabielsko.pl\/index.php\/aktywne-przedszkolaki\/","title":{"rendered":"Aktywne Przedszkolaki"},"content":{"rendered":"<p>[et_pb_section fb_built=&#8221;1&#8243; _builder_version=&#8221;4.25.1&#8243; _module_preset=&#8221;default&#8221; global_colors_info=&#8221;{}&#8221; theme_builder_area=&#8221;post_content&#8221;][et_pb_row _builder_version=&#8221;4.25.1&#8243; _module_preset=&#8221;default&#8221; global_colors_info=&#8221;{}&#8221; theme_builder_area=&#8221;post_content&#8221;][et_pb_column type=&#8221;4_4&#8243; _builder_version=&#8221;4.25.1&#8243; _module_preset=&#8221;default&#8221; global_colors_info=&#8221;{}&#8221; theme_builder_area=&#8221;post_content&#8221;][et_pb_image src=&#8221;https:\/\/przedszkolecieszyn.diecezjabielsko.pl\/wp-content\/uploads\/2025\/03\/Obraz1.png&#8221; title_text=&#8221;Obraz1&#8243; _builder_version=&#8221;4.25.2&#8243; _module_preset=&#8221;default&#8221; hover_enabled=&#8221;0&#8243; global_colors_info=&#8221;{}&#8221; theme_builder_area=&#8221;post_content&#8221; sticky_enabled=&#8221;0&#8243; custom_margin=&#8221;|398px||||&#8221; width=&#8221;94.7%&#8221; custom_padding=&#8221;|178px||||&#8221;][\/et_pb_image][et_pb_text _builder_version=&#8221;4.25.1&#8243; _module_preset=&#8221;default&#8221; global_colors_info=&#8221;{}&#8221; theme_builder_area=&#8221;post_content&#8221;]<\/p>\n<p><span>Projekt realizowany ze \u015brodk\u00f3w Regionalnego Programu Operacyjnego Wojew\u00f3dztwa \u015al\u0105skiego na lata 2014-2020 (Europejski Fundusz Spo\u0142eczny)<\/span><\/p>\n<p><span>O\u015b priorytetowa XI. Wzmocnienie potencja\u0142u edukacyjnego, Dzia\u0142anie 11.1. Ograniczenie przedwczesnego ko\u0144czenia nauki szkolnej oraz zapewnienie r\u00f3wnego dost\u0119pu do dobrej jako\u015bci edukacji elementarnej, kszta\u0142cenia podstawowego i \u015bredniego, Poddzia\u0142anie 11.1.3. Wzrost upowszechnienia wysokiej jako\u015bci edukacji przedszkolnej \u2013 konkurs<\/span><\/p>\n<p><span>Warto\u015b\u0107 projektu: 191 408,38 z\u0142<\/span><br \/><span>Dofinansowanie: 162 697,12 z\u0142<\/span><\/p>\n<p><span>Celem projektu jest poprawa jako\u015bci edukacji przedszkolnej w Katolickim Przedszkolu im. Dzieci\u0105tka Jezus w Cieszynie dzi\u0119ki zaj\u0119ciom dodatkowym wyr\u00f3wnuj\u0105cym szanse edukacyjne 86 dzieci (32K, 54M) w zakresie stwierdzonych deficyt\u00f3w oraz doskonalenie kompetencji zawodowych 5 nauczycielek (5K) w oparciu o potrzeby edukacyjne okre\u015blone w diagnozie w okresie od 1.08.2021 do 31.08.2022.<\/span><\/p>\n<p><span>Efektem realizacji projektu b\u0119d\u0105 nast\u0119puj\u0105ce wska\u017aniki produktu:<\/span><br \/><span>Liczba dzieci obj\u0119tych w ramach programu dodatkowymi zaj\u0119ciami zwi\u0119kszaj\u0105cymi ich szanse edukacyjne w edukacji przedszkolnej: 86 (32K,54M)<\/span><br \/><span>Liczba nauczycieli obj\u0119tych wsparciem w programie 5 (5K)<\/span><br \/><span>Liczba podmiot\u00f3w wykorzystuj\u0105cych technologie informacyjno-komunikacyjne (TIK): 1<\/span><\/p>\n<p><strong>Wska\u017aniki specyficzne dla programu<\/strong><br \/><span>Liczba godzin zaj\u0119\u0107 dodatkowych zwi\u0119kszaj\u0105cych szanse edukacyjne dzieci w edukacji przedszkolnej: 960<\/span><\/p>\n<p><strong>Wska\u017aniki rezultatu<\/strong><br \/><span>Liczba nauczycieli, kt\u00f3rzy uzyskali kwalifikacje lub nabyli kompetencje po opuszczeniu programu 4 (4K)<\/span><\/p>\n<p><strong>W ramach projektu realizowane b\u0119d\u0105 dwa zadania:<\/strong><\/p>\n<p><span>1\/ Prowadzenie dodatkowych zaj\u0119\u0107 wyr\u00f3wnuj\u0105cych szanse edukacyjne dzieci w zakresie stwierdzonych deficyt\u00f3w przez 12 miesi\u0119cy. W ramach tego zadania przewidziano rozszerzenie oferty plac\u00f3wki o dodatkowe zaj\u0119cia terapeutyczne:<\/span><\/p>\n<ul>\n<li>Terapia przez sztuk\u0119<\/li>\n<li>Terapia r\u0119ki<\/li>\n<li>Terapia ruchem<\/li>\n<li>Terapia kompetencji emocjonalnych<\/li>\n<li>Terapia kompetencji spo\u0142ecznych<\/li>\n<li>Terapia kompetencji j\u0119zykowych i komunikacyjnych<\/li>\n<\/ul>\n<p><span>2\/ Podniesienie kwalifikacji nauczycieli przedszkola. W ramach tego zadania przewidziano<\/span><\/p>\n<ul>\n<li>studia podyplomowe:\n<ul>\n<li>Wczesna interwencja i wspomaganie rozwoju dziecka &#8211; studia podyplomowe: Pedagogika specjalna &#8211; Wczesne wspomaganie rozwoju dziecka<\/li>\n<li>Autyzm, Zesp\u00f3\u0142 Aspergera oraz inne ca\u0142o\u015bciowe zaburzenia \u2013 diagnoza i terapia \u2013 studia podyplomowe: Pedagogika specjalna &#8211; Edukacja, terapia i wspomaganie os\u00f3b z zaburzeniami ze spektrum autyzmu<\/li>\n<\/ul>\n<\/li>\n<li>szkolenia:\n<ul>\n<li>Terapia r\u0119ki I i II stopie\u0144<\/li>\n<li>Terapia behawioralna III modu\u0142owy kurs bazowy<\/li>\n<li>Trening Umiej\u0119tno\u015bci Spo\u0142ecznych \u2013 kurs certyfikacyjny<\/li>\n<\/ul>\n<\/li>\n<\/ul>\n<p><a href=\"https:\/\/kp.dziedzictwo.org.pl\/przedszkole\/aktualnosci\/63-ruszyl-projekt-aktywne-przedszkolaki\">Ruszy\u0142 projekt \u201eAktywne przedszkolaki\u201d<\/a><span><\/span><\/p>\n<p><a href=\"https:\/\/przedszkolecieszyn.diecezjabielsko.pl\/index.php\/terapia-kompetencji-jezykowych-i-komunikacyjnych\/\">Terapia kompetencji j\u0119zykowych i komunikacyjnych <\/a><span><\/span><\/p>\n<p><a href=\"https:\/\/przedszkolecieszyn.diecezjabielsko.pl\/index.php\/terapia-reki\/\">Terapia r\u0119ki <\/a><span><\/span><\/p>\n<p><a href=\"https:\/\/przedszkolecieszyn.diecezjabielsko.pl\/index.php\/terapia-przez-sztuke\/\">Terapia przez sztuk\u0119 <\/a><span><\/span><\/p>\n<p><a href=\"https:\/\/przedszkolecieszyn.diecezjabielsko.pl\/index.php\/terapia-kompetencji-spolecznych\/\">Terapia kompetencji spo\u0142ecznych <\/a><span><\/span><\/p>\n<p><a href=\"https:\/\/przedszkolecieszyn.diecezjabielsko.pl\/index.php\/terapia-kompetencji-emocjonalnych\/\">Terapia kompetencji emocjonalnych <\/a><span><\/span><\/p>\n<p><a href=\"https:\/\/przedszkolecieszyn.diecezjabielsko.pl\/index.php\/terapia-ruchem\/\">Terapia ruchem<\/a><\/p>\n<p>[\/et_pb_text][\/et_pb_column][\/et_pb_row][\/et_pb_section]<\/p>\n","protected":false},"excerpt":{"rendered":"<p>Projekt realizowany ze \u015brodk\u00f3w Regionalnego Programu Operacyjnego Wojew\u00f3dztwa \u015al\u0105skiego na lata 2014-2020 (Europejski Fundusz Spo\u0142eczny) O\u015b priorytetowa XI. Wzmocnienie potencja\u0142u edukacyjnego, Dzia\u0142anie 11.1. Ograniczenie przedwczesnego ko\u0144czenia nauki szkolnej oraz zapewnienie r\u00f3wnego dost\u0119pu do dobrej jako\u015bci edukacji elementarnej, kszta\u0142cenia podstawowego i \u015bredniego, Poddzia\u0142anie 11.1.3. Wzrost upowszechnienia wysokiej jako\u015bci edukacji przedszkolnej \u2013 konkurs Warto\u015b\u0107 projektu: 191 408,38 [&hellip;]<\/p>\n","protected":false},"author":2,"featured_media":0,"parent":0,"menu_order":0,"comment_status":"closed","ping_status":"closed","template":"","meta":{"_et_pb_use_builder":"on","_et_pb_old_content":"","_et_gb_content_width":"","footnotes":""},"class_list":["post-287","page","type-page","status-publish","hentry"],"_links":{"self":[{"href":"https:\/\/przedszkolecieszyn.diecezjabielsko.pl\/index.php\/wp-json\/wp\/v2\/pages\/287","targetHints":{"allow":["GET"]}}],"collection":[{"href":"https:\/\/przedszkolecieszyn.diecezjabielsko.pl\/index.php\/wp-json\/wp\/v2\/pages"}],"about":[{"href":"https:\/\/przedszkolecieszyn.diecezjabielsko.pl\/index.php\/wp-json\/wp\/v2\/types\/page"}],"author":[{"embeddable":true,"href":"https:\/\/przedszkolecieszyn.diecezjabielsko.pl\/index.php\/wp-json\/wp\/v2\/users\/2"}],"replies":[{"embeddable":true,"href":"https:\/\/przedszkolecieszyn.diecezjabielsko.pl\/index.php\/wp-json\/wp\/v2\/comments?post=287"}],"version-history":[{"count":6,"href":"https:\/\/przedszkolecieszyn.diecezjabielsko.pl\/index.php\/wp-json\/wp\/v2\/pages\/287\/revisions"}],"predecessor-version":[{"id":838,"href":"https:\/\/przedszkolecieszyn.diecezjabielsko.pl\/index.php\/wp-json\/wp\/v2\/pages\/287\/revisions\/838"}],"wp:attachment":[{"href":"https:\/\/przedszkolecieszyn.diecezjabielsko.pl\/index.php\/wp-json\/wp\/v2\/media?parent=287"}],"curies":[{"name":"wp","href":"https:\/\/api.w.org\/{rel}","templated":true}]}}

<p>[et_pb_section fb_built=&#8221;1&#8243; _builder_version=&#8221;4.25.1&#8243; _module_preset=&#8221;default&#8221; global_colors_info=&#8221;{}&#8221; theme_builder_area=&#8221;post_content&#8221;][et_pb_row _builder_version=&#8221;4.25.1&#8243; _module_preset=&#8221;default&#8221; global_colors_info=&#8221;{}&#8221; theme_builder_area=&#8221;post_content&#8221;][et_pb_column type=&#8221;4_4&#8243; _builder_version=&#8221;4.25.1&#8243; _module_preset=&#8221;default&#8221; global_colors_info=&#8221;{}&#8221; theme_builder_area=&#8221;post_content&#8221;][et_pb_image src=&#8221;https://przedszkolecieszyn.diecezjabielsko.pl/wp-content/uploads/2025/03/Obraz1.png&#8221; title_text=&#8221;Obraz1&#8243; _builder_version=&#8221;4.25.2&#8243; _module_preset=&#8221;default&#8221; hover_enabled=&#8221;0&#8243; global_colors_info=&#8221;{}&#8221; theme_builder_area=&#8221;post_content&#8221; sticky_enabled=&#8221;0&#8243; custom_margin=&#8221;|398px||||&#8221; width=&#8221;94.7%&#8221; custom_padding=&#8221;|178px||||&#8221;][/et_pb_image][et_pb_text _builder_version=&#8221;4.25.1&#8243; _module_preset=&#8221;default&#8221; global_colors_info=&#8221;{}&#8221; theme_builder_area=&#8221;post_content&#8221;]</p>
<p><span>Projekt realizowany ze środków Regionalnego Programu Operacyjnego Województwa Śląskiego na lata 2014-2020 (Europejski Fundusz Społeczny)</span></p>
<p><span>Oś priorytetowa XI. Wzmocnienie potencjału edukacyjnego, Działanie 11.1. Ograniczenie przedwczesnego kończenia nauki szkolnej oraz zapewnienie równego dostępu do dobrej jakości edukacji elementarnej, kształcenia podstawowego i średniego, Poddziałanie 11.1.3. Wzrost upowszechnienia wysokiej jakości edukacji przedszkolnej – konkurs</span></p>
<p><span>Wartość projektu: 191 408,38 zł</span><br /><span>Dofinansowanie: 162 697,12 zł</span></p>
<p><span>Celem projektu jest poprawa jakości edukacji przedszkolnej w Katolickim Przedszkolu im. Dzieciątka Jezus w Cieszynie dzięki zajęciom dodatkowym wyrównującym szanse edukacyjne 86 dzieci (32K, 54M) w zakresie stwierdzonych deficytów oraz doskonalenie kompetencji zawodowych 5 nauczycielek (5K) w oparciu o potrzeby edukacyjne określone w diagnozie w okresie od 1.08.2021 do 31.08.2022.</span></p>
<p><span>Efektem realizacji projektu będą następujące wskaźniki produktu:</span><br /><span>Liczba dzieci objętych w ramach programu dodatkowymi zajęciami zwiększającymi ich szanse edukacyjne w edukacji przedszkolnej: 86 (32K,54M)</span><br /><span>Liczba nauczycieli objętych wsparciem w programie 5 (5K)</span><br /><span>Liczba podmiotów wykorzystujących technologie informacyjno-komunikacyjne (TIK): 1</span></p>
<p><strong>Wskaźniki specyficzne dla programu</strong><br /><span>Liczba godzin zajęć dodatkowych zwiększających szanse edukacyjne dzieci w edukacji przedszkolnej: 960</span></p>
<p><strong>Wskaźniki rezultatu</strong><br /><span>Liczba nauczycieli, którzy uzyskali kwalifikacje lub nabyli kompetencje po opuszczeniu programu 4 (4K)</span></p>
<p><strong>W ramach projektu realizowane będą dwa zadania:</strong></p>
<p><span>1/ Prowadzenie dodatkowych zajęć wyrównujących szanse edukacyjne dzieci w zakresie stwierdzonych deficytów przez 12 miesięcy. W ramach tego zadania przewidziano rozszerzenie oferty placówki o dodatkowe zajęcia terapeutyczne:</span></p>
<ul>
<li>Terapia przez sztukę</li>
<li>Terapia ręki</li>
<li>Terapia ruchem</li>
<li>Terapia kompetencji emocjonalnych</li>
<li>Terapia kompetencji społecznych</li>
<li>Terapia kompetencji językowych i komunikacyjnych</li>
</ul>
<p><span>2/ Podniesienie kwalifikacji nauczycieli przedszkola. W ramach tego zadania przewidziano</span></p>
<ul>
<li>studia podyplomowe:
<ul>
<li>Wczesna interwencja i wspomaganie rozwoju dziecka &#8211; studia podyplomowe: Pedagogika specjalna &#8211; Wczesne wspomaganie rozwoju dziecka</li>
<li>Autyzm, Zespół Aspergera oraz inne całościowe zaburzenia – diagnoza i terapia – studia podyplomowe: Pedagogika specjalna &#8211; Edukacja, terapia i wspomaganie osób z zaburzeniami ze spektrum autyzmu</li>
</ul>
</li>
<li>szkolenia:
<ul>
<li>Terapia ręki I i II stopień</li>
<li>Terapia behawioralna III modułowy kurs bazowy</li>
<li>Trening Umiejętności Społecznych – kurs certyfikacyjny</li>
</ul>
</li>
</ul>
<p><a href="https://kp.dziedzictwo.org.pl/przedszkole/aktualnosci/63-ruszyl-projekt-aktywne-przedszkolaki">Ruszył projekt „Aktywne przedszkolaki”</a><span></span></p>
<p><a href="https://przedszkolecieszyn.diecezjabielsko.pl/index.php/terapia-kompetencji-jezykowych-i-komunikacyjnych/">Terapia kompetencji językowych i komunikacyjnych </a><span></span></p>
<p><a href="https://przedszkolecieszyn.diecezjabielsko.pl/index.php/terapia-reki/">Terapia ręki </a><span></span></p>
<p><a href="https://przedszkolecieszyn.diecezjabielsko.pl/index.php/terapia-przez-sztuke/">Terapia przez sztukę </a><span></span></p>
<p><a href="https://przedszkolecieszyn.diecezjabielsko.pl/index.php/terapia-kompetencji-spolecznych/">Terapia kompetencji społecznych </a><span></span></p>
<p><a href="https://przedszkolecieszyn.diecezjabielsko.pl/index.php/terapia-kompetencji-emocjonalnych/">Terapia kompetencji emocjonalnych </a><span></span></p>
<p><a href="https://przedszkolecieszyn.diecezjabielsko.pl/index.php/terapia-ruchem/">Terapia ruchem</a></p>
<p>[/et_pb_text][/et_pb_column][/et_pb_row][/et_pb_section]</p>

<p>Projekt realizowany ze środków Regionalnego Programu Operacyjnego Województwa Śląskiego na lata 2014-2020 (Europejski Fundusz Społeczny) Oś priorytetowa XI. Wzmocnienie potencjału edukacyjnego, Działanie 11.1. Ograniczenie przedwczesnego kończenia nauki szkolnej oraz zapewnienie równego dostępu do dobrej jakości edukacji elementarnej, kształcenia podstawowego i średniego, Poddziałanie 11.1.3. Wzrost upowszechnienia wysokiej jakości edukacji przedszkolnej – konkurs Wartość projektu: 191 408,38 [&hellip;]</p>
