{"id":297,"date":"2024-05-15T22:04:01","date_gmt":"2024-05-15T20:04:01","guid":{"rendered":"https:\/\/przedszkolecieszyn.diecezjabielsko.pl\/?page_id=297"},"modified":"2025-03-17T20:46:44","modified_gmt":"2025-03-17T19:46:44","slug":"terapia-ruchem","status":"publish","type":"page","link":"https:\/\/przedszkolecieszyn.diecezjabielsko.pl\/index.php\/terapia-ruchem\/","title":{"rendered":"&#8222;Wi\u0119cej nas \u0142\u0105czy ni\u017c dzieli&#8221;"},"content":{"rendered":"<p>[et_pb_section fb_built=&#8221;1&#8243; _builder_version=&#8221;4.25.1&#8243; _module_preset=&#8221;default&#8221; global_colors_info=&#8221;{}&#8221; theme_builder_area=&#8221;post_content&#8221;][et_pb_row _builder_version=&#8221;4.25.1&#8243; _module_preset=&#8221;default&#8221; global_colors_info=&#8221;{}&#8221; theme_builder_area=&#8221;post_content&#8221;][et_pb_column type=&#8221;4_4&#8243; _builder_version=&#8221;4.25.1&#8243; _module_preset=&#8221;default&#8221; global_colors_info=&#8221;{}&#8221; theme_builder_area=&#8221;post_content&#8221;][et_pb_text _builder_version=&#8221;4.25.2&#8243; _module_preset=&#8221;default&#8221; hover_enabled=&#8221;0&#8243; global_colors_info=&#8221;{}&#8221; theme_builder_area=&#8221;post_content&#8221; sticky_enabled=&#8221;0&#8243; custom_padding=&#8221;||0px|||&#8221;]<\/p>\n<p><strong>Zaj\u0119cia &#8222;Wi\u0119cej nas \u0142\u0105czy ni\u017c dzieli&#8221; &#8211; program przeciwdzia\u0142ania dyskrymianacji i wykluczeniu spo\u0142ecznemu prowadzony jest przez psycholog mgr Justyn\u0119 Gazd\u0119<\/strong><\/p>\n<p style=\"text-align: justify;\">W ramach programu &#8222;Wi\u0119cej nas \u0142\u0105czy ni\u017c dzieli&#8221; dzieci maj\u0105 okazj\u0119 uczestniczy\u0107 w zabawach i aktywno\u015bciach prowadzonych przez psychologa, kt\u00f3re nie tylko rozwijaj\u0105 ich umiej\u0119tno\u015bci interpersonalne, ale r\u00f3wnie\u017c ucz\u0105 empatii i tolerancji wobec r\u00f3\u017cnorodno\u015bci. Poprzez interaktywne zaj\u0119cia przedszkolaki odkrywaj\u0105, jak wa\u017cne jest budowanie przyja\u017ani i zrozumienia, niezale\u017cnie od r\u00f3\u017cnic, kt\u00f3re nas dziel\u0105. Dzi\u0119ki kreatywnym metodom pracy dzieci mog\u0105 dzieli\u0107 si\u0119 swoimi uczuciami, a tak\u017ce nauczy\u0107 si\u0119, jak wspiera\u0107 innych i tworzy\u0107 spo\u0142eczno\u015b\u0107, w kt\u00f3rej ka\u017cdy czuje si\u0119 akceptowany i doceniany.<\/p>\n<p>[\/et_pb_text][\/et_pb_column][\/et_pb_row][et_pb_row _builder_version=&#8221;4.25.1&#8243; _module_preset=&#8221;default&#8221; global_colors_info=&#8221;{}&#8221; theme_builder_area=&#8221;post_content&#8221;][et_pb_column type=&#8221;4_4&#8243; _builder_version=&#8221;4.25.1&#8243; _module_preset=&#8221;default&#8221; global_colors_info=&#8221;{}&#8221; theme_builder_area=&#8221;post_content&#8221;][et_pb_gallery gallery_ids=&#8221;890,891,892,893&#8243; gallery_orderby=&#8221;rand&#8221; posts_number=&#8221;8&#8243; orientation=&#8221;portrait&#8221; show_title_and_caption=&#8221;off&#8221; _builder_version=&#8221;4.25.2&#8243; _module_preset=&#8221;default&#8221; hover_enabled=&#8221;0&#8243; global_colors_info=&#8221;{}&#8221; theme_builder_area=&#8221;post_content&#8221; sticky_enabled=&#8221;0&#8243;][\/et_pb_gallery][\/et_pb_column][\/et_pb_row][\/et_pb_section]<\/p>\n","protected":false},"excerpt":{"rendered":"<p>Zaj\u0119cia &#8222;Wi\u0119cej nas \u0142\u0105czy ni\u017c dzieli&#8221; &#8211; program przeciwdzia\u0142ania dyskrymianacji i wykluczeniu spo\u0142ecznemu prowadzony jest przez psycholog mgr Justyn\u0119 Gazd\u0119 W ramach programu &#8222;Wi\u0119cej nas \u0142\u0105czy ni\u017c dzieli&#8221; dzieci maj\u0105 okazj\u0119 uczestniczy\u0107 w zabawach i aktywno\u015bciach prowadzonych przez psychologa, kt\u00f3re nie tylko rozwijaj\u0105 ich umiej\u0119tno\u015bci interpersonalne, ale r\u00f3wnie\u017c ucz\u0105 empatii i tolerancji wobec r\u00f3\u017cnorodno\u015bci. Poprzez [&hellip;]<\/p>\n","protected":false},"author":2,"featured_media":0,"parent":0,"menu_order":0,"comment_status":"closed","ping_status":"closed","template":"","meta":{"_et_pb_use_builder":"on","_et_pb_old_content":"","_et_gb_content_width":"","footnotes":""},"class_list":["post-297","page","type-page","status-publish","hentry"],"_links":{"self":[{"href":"https:\/\/przedszkolecieszyn.diecezjabielsko.pl\/index.php\/wp-json\/wp\/v2\/pages\/297","targetHints":{"allow":["GET"]}}],"collection":[{"href":"https:\/\/przedszkolecieszyn.diecezjabielsko.pl\/index.php\/wp-json\/wp\/v2\/pages"}],"about":[{"href":"https:\/\/przedszkolecieszyn.diecezjabielsko.pl\/index.php\/wp-json\/wp\/v2\/types\/page"}],"author":[{"embeddable":true,"href":"https:\/\/przedszkolecieszyn.diecezjabielsko.pl\/index.php\/wp-json\/wp\/v2\/users\/2"}],"replies":[{"embeddable":true,"href":"https:\/\/przedszkolecieszyn.diecezjabielsko.pl\/index.php\/wp-json\/wp\/v2\/comments?post=297"}],"version-history":[{"count":11,"href":"https:\/\/przedszkolecieszyn.diecezjabielsko.pl\/index.php\/wp-json\/wp\/v2\/pages\/297\/revisions"}],"predecessor-version":[{"id":894,"href":"https:\/\/przedszkolecieszyn.diecezjabielsko.pl\/index.php\/wp-json\/wp\/v2\/pages\/297\/revisions\/894"}],"wp:attachment":[{"href":"https:\/\/przedszkolecieszyn.diecezjabielsko.pl\/index.php\/wp-json\/wp\/v2\/media?parent=297"}],"curies":[{"name":"wp","href":"https:\/\/api.w.org\/{rel}","templated":true}]}}

&#8222;Więcej nas łączy niż dzieli&#8221;

<p>[et_pb_section fb_built=&#8221;1&#8243; _builder_version=&#8221;4.25.1&#8243; _module_preset=&#8221;default&#8221; global_colors_info=&#8221;{}&#8221; theme_builder_area=&#8221;post_content&#8221;][et_pb_row _builder_version=&#8221;4.25.1&#8243; _module_preset=&#8221;default&#8221; global_colors_info=&#8221;{}&#8221; theme_builder_area=&#8221;post_content&#8221;][et_pb_column type=&#8221;4_4&#8243; _builder_version=&#8221;4.25.1&#8243; _module_preset=&#8221;default&#8221; global_colors_info=&#8221;{}&#8221; theme_builder_area=&#8221;post_content&#8221;][et_pb_text _builder_version=&#8221;4.25.2&#8243; _module_preset=&#8221;default&#8221; hover_enabled=&#8221;0&#8243; global_colors_info=&#8221;{}&#8221; theme_builder_area=&#8221;post_content&#8221; sticky_enabled=&#8221;0&#8243; custom_padding=&#8221;||0px|||&#8221;]</p>
<p><strong>Zajęcia &#8222;Więcej nas łączy niż dzieli&#8221; &#8211; program przeciwdziałania dyskrymianacji i wykluczeniu społecznemu prowadzony jest przez psycholog mgr Justynę Gazdę</strong></p>
<p style="text-align: justify;">W ramach programu &#8222;Więcej nas łączy niż dzieli&#8221; dzieci mają okazję uczestniczyć w zabawach i aktywnościach prowadzonych przez psychologa, które nie tylko rozwijają ich umiejętności interpersonalne, ale również uczą empatii i tolerancji wobec różnorodności. Poprzez interaktywne zajęcia przedszkolaki odkrywają, jak ważne jest budowanie przyjaźni i zrozumienia, niezależnie od różnic, które nas dzielą. Dzięki kreatywnym metodom pracy dzieci mogą dzielić się swoimi uczuciami, a także nauczyć się, jak wspierać innych i tworzyć społeczność, w której każdy czuje się akceptowany i doceniany.</p>
<p>[/et_pb_text][/et_pb_column][/et_pb_row][et_pb_row _builder_version=&#8221;4.25.1&#8243; _module_preset=&#8221;default&#8221; global_colors_info=&#8221;{}&#8221; theme_builder_area=&#8221;post_content&#8221;][et_pb_column type=&#8221;4_4&#8243; _builder_version=&#8221;4.25.1&#8243; _module_preset=&#8221;default&#8221; global_colors_info=&#8221;{}&#8221; theme_builder_area=&#8221;post_content&#8221;][et_pb_gallery gallery_ids=&#8221;890,891,892,893&#8243; gallery_orderby=&#8221;rand&#8221; posts_number=&#8221;8&#8243; orientation=&#8221;portrait&#8221; show_title_and_caption=&#8221;off&#8221; _builder_version=&#8221;4.25.2&#8243; _module_preset=&#8221;default&#8221; hover_enabled=&#8221;0&#8243; global_colors_info=&#8221;{}&#8221; theme_builder_area=&#8221;post_content&#8221; sticky_enabled=&#8221;0&#8243;][/et_pb_gallery][/et_pb_column][/et_pb_row][/et_pb_section]</p>

<p>Zajęcia &#8222;Więcej nas łączy niż dzieli&#8221; &#8211; program przeciwdziałania dyskrymianacji i wykluczeniu społecznemu prowadzony jest przez psycholog mgr Justynę Gazdę W ramach programu &#8222;Więcej nas łączy niż dzieli&#8221; dzieci mają okazję uczestniczyć w zabawach i aktywnościach prowadzonych przez psychologa, które nie tylko rozwijają ich umiejętności interpersonalne, ale również uczą empatii i tolerancji wobec różnorodności. Poprzez [&hellip;]</p>
