{"id":452,"date":"2024-05-15T22:11:23","date_gmt":"2024-05-15T20:11:23","guid":{"rendered":"https:\/\/przedszkolecieszyn.diecezjabielsko.pl\/?page_id=452"},"modified":"2025-03-17T20:04:48","modified_gmt":"2025-03-17T19:04:48","slug":"terapia-przez-sztuke","status":"publish","type":"page","link":"https:\/\/przedszkolecieszyn.diecezjabielsko.pl\/index.php\/terapia-przez-sztuke\/","title":{"rendered":"Muzykoterapia"},"content":{"rendered":"<p>[et_pb_section fb_built=&#8221;1&#8243; _builder_version=&#8221;4.25.1&#8243; _module_preset=&#8221;default&#8221; global_colors_info=&#8221;{}&#8221; theme_builder_area=&#8221;post_content&#8221;][et_pb_row _builder_version=&#8221;4.25.1&#8243; _module_preset=&#8221;default&#8221; global_colors_info=&#8221;{}&#8221; theme_builder_area=&#8221;post_content&#8221;][et_pb_column type=&#8221;4_4&#8243; _builder_version=&#8221;4.25.1&#8243; _module_preset=&#8221;default&#8221; global_colors_info=&#8221;{}&#8221; theme_builder_area=&#8221;post_content&#8221;][et_pb_text _builder_version=&#8221;4.25.2&#8243; _module_preset=&#8221;default&#8221; custom_padding=&#8221;||31px|||&#8221; global_colors_info=&#8221;{}&#8221; theme_builder_area=&#8221;post_content&#8221;]<\/p>\n<p style=\"text-align: justify;\"><span><strong>Muzykoterapia jest prowadzona w 4 grupach po 10 os\u00f3b przez mgr Katarzyn\u0119 Kraszewsk\u0105.<\/strong><\/span><\/p>\n<p style=\"text-align: justify;\">Zaj\u0119cia z muzykoterapii dla przedszkolak\u00f3w to wspania\u0142a okazja, aby wprowadzi\u0107 najm\u0142odszych w \u015bwiat muzyki i jej terapeutycznych w\u0142a\u015bciwo\u015bci. Poprzez zabaw\u0119 z d\u017awi\u0119kami, \u015bpiewanie piosenek i gr\u0119 na prostych instrumentach, dzieci mog\u0105 rozwija\u0107 swoje zdolno\u015bci muzyczne oraz emocjonalne.<\/p>\n<p style=\"text-align: justify;\">Na zaj\u0119ciach przedszkolaki ucz\u0105 si\u0119 wyra\u017ca\u0107 swoje emocje i uczucia w bezpieczny i kreatywny spos\u00f3b. Muzyka pomaga im si\u0119 zrelaksowa\u0107, poprawia nastr\u00f3j i wspiera rozw\u00f3j spo\u0142eczny, gdy\u017c dzieci ucz\u0105 si\u0119 wsp\u00f3\u0142pracy i komunikacji w grupie.<\/p>\n<p style=\"text-align: justify;\">Muzykoterapia dla przedszkolak\u00f3w to tak\u017ce doskona\u0142a okazja do rozwijania koordynacji ruchowej i s\u0142uchu muzycznego. Dzieci mog\u0105 eksperymentowa\u0107 z r\u00f3\u017cnymi d\u017awi\u0119kami i rytmami, co stymuluje ich wyobra\u017ani\u0119 i kreatywno\u015b\u0107.<\/p>\n<p>[\/et_pb_text][\/et_pb_column][\/et_pb_row][et_pb_row _builder_version=&#8221;4.25.1&#8243; _module_preset=&#8221;default&#8221; global_colors_info=&#8221;{}&#8221; theme_builder_area=&#8221;post_content&#8221;][et_pb_column type=&#8221;4_4&#8243; _builder_version=&#8221;4.25.1&#8243; _module_preset=&#8221;default&#8221; global_colors_info=&#8221;{}&#8221; theme_builder_area=&#8221;post_content&#8221;][et_pb_gallery gallery_ids=&#8221;867,868,869,870&#8243; gallery_orderby=&#8221;rand&#8221; posts_number=&#8221;8&#8243; show_title_and_caption=&#8221;off&#8221; _builder_version=&#8221;4.25.2&#8243; _module_preset=&#8221;default&#8221; hover_enabled=&#8221;0&#8243; global_colors_info=&#8221;{}&#8221; theme_builder_area=&#8221;post_content&#8221; sticky_enabled=&#8221;0&#8243;][\/et_pb_gallery][\/et_pb_column][\/et_pb_row][\/et_pb_section]<\/p>\n","protected":false},"excerpt":{"rendered":"<p>Muzykoterapia jest prowadzona w 4 grupach po 10 os\u00f3b przez mgr Katarzyn\u0119 Kraszewsk\u0105. Zaj\u0119cia z muzykoterapii dla przedszkolak\u00f3w to wspania\u0142a okazja, aby wprowadzi\u0107 najm\u0142odszych w \u015bwiat muzyki i jej terapeutycznych w\u0142a\u015bciwo\u015bci. Poprzez zabaw\u0119 z d\u017awi\u0119kami, \u015bpiewanie piosenek i gr\u0119 na prostych instrumentach, dzieci mog\u0105 rozwija\u0107 swoje zdolno\u015bci muzyczne oraz emocjonalne. Na zaj\u0119ciach przedszkolaki ucz\u0105 si\u0119 [&hellip;]<\/p>\n","protected":false},"author":2,"featured_media":0,"parent":0,"menu_order":0,"comment_status":"closed","ping_status":"closed","template":"","meta":{"_et_pb_use_builder":"on","_et_pb_old_content":"","_et_gb_content_width":"","footnotes":""},"class_list":["post-452","page","type-page","status-publish","hentry"],"_links":{"self":[{"href":"https:\/\/przedszkolecieszyn.diecezjabielsko.pl\/index.php\/wp-json\/wp\/v2\/pages\/452","targetHints":{"allow":["GET"]}}],"collection":[{"href":"https:\/\/przedszkolecieszyn.diecezjabielsko.pl\/index.php\/wp-json\/wp\/v2\/pages"}],"about":[{"href":"https:\/\/przedszkolecieszyn.diecezjabielsko.pl\/index.php\/wp-json\/wp\/v2\/types\/page"}],"author":[{"embeddable":true,"href":"https:\/\/przedszkolecieszyn.diecezjabielsko.pl\/index.php\/wp-json\/wp\/v2\/users\/2"}],"replies":[{"embeddable":true,"href":"https:\/\/przedszkolecieszyn.diecezjabielsko.pl\/index.php\/wp-json\/wp\/v2\/comments?post=452"}],"version-history":[{"count":12,"href":"https:\/\/przedszkolecieszyn.diecezjabielsko.pl\/index.php\/wp-json\/wp\/v2\/pages\/452\/revisions"}],"predecessor-version":[{"id":873,"href":"https:\/\/przedszkolecieszyn.diecezjabielsko.pl\/index.php\/wp-json\/wp\/v2\/pages\/452\/revisions\/873"}],"wp:attachment":[{"href":"https:\/\/przedszkolecieszyn.diecezjabielsko.pl\/index.php\/wp-json\/wp\/v2\/media?parent=452"}],"curies":[{"name":"wp","href":"https:\/\/api.w.org\/{rel}","templated":true}]}}

<p>[et_pb_section fb_built=&#8221;1&#8243; _builder_version=&#8221;4.25.1&#8243; _module_preset=&#8221;default&#8221; global_colors_info=&#8221;{}&#8221; theme_builder_area=&#8221;post_content&#8221;][et_pb_row _builder_version=&#8221;4.25.1&#8243; _module_preset=&#8221;default&#8221; global_colors_info=&#8221;{}&#8221; theme_builder_area=&#8221;post_content&#8221;][et_pb_column type=&#8221;4_4&#8243; _builder_version=&#8221;4.25.1&#8243; _module_preset=&#8221;default&#8221; global_colors_info=&#8221;{}&#8221; theme_builder_area=&#8221;post_content&#8221;][et_pb_text _builder_version=&#8221;4.25.2&#8243; _module_preset=&#8221;default&#8221; custom_padding=&#8221;||31px|||&#8221; global_colors_info=&#8221;{}&#8221; theme_builder_area=&#8221;post_content&#8221;]</p>
<p style="text-align: justify;"><span><strong>Muzykoterapia jest prowadzona w 4 grupach po 10 osób przez mgr Katarzynę Kraszewską.</strong></span></p>
<p style="text-align: justify;">Zajęcia z muzykoterapii dla przedszkolaków to wspaniała okazja, aby wprowadzić najmłodszych w świat muzyki i jej terapeutycznych właściwości. Poprzez zabawę z dźwiękami, śpiewanie piosenek i grę na prostych instrumentach, dzieci mogą rozwijać swoje zdolności muzyczne oraz emocjonalne.</p>
<p style="text-align: justify;">Na zajęciach przedszkolaki uczą się wyrażać swoje emocje i uczucia w bezpieczny i kreatywny sposób. Muzyka pomaga im się zrelaksować, poprawia nastrój i wspiera rozwój społeczny, gdyż dzieci uczą się współpracy i komunikacji w grupie.</p>
<p style="text-align: justify;">Muzykoterapia dla przedszkolaków to także doskonała okazja do rozwijania koordynacji ruchowej i słuchu muzycznego. Dzieci mogą eksperymentować z różnymi dźwiękami i rytmami, co stymuluje ich wyobraźnię i kreatywność.</p>
<p>[/et_pb_text][/et_pb_column][/et_pb_row][et_pb_row _builder_version=&#8221;4.25.1&#8243; _module_preset=&#8221;default&#8221; global_colors_info=&#8221;{}&#8221; theme_builder_area=&#8221;post_content&#8221;][et_pb_column type=&#8221;4_4&#8243; _builder_version=&#8221;4.25.1&#8243; _module_preset=&#8221;default&#8221; global_colors_info=&#8221;{}&#8221; theme_builder_area=&#8221;post_content&#8221;][et_pb_gallery gallery_ids=&#8221;867,868,869,870&#8243; gallery_orderby=&#8221;rand&#8221; posts_number=&#8221;8&#8243; show_title_and_caption=&#8221;off&#8221; _builder_version=&#8221;4.25.2&#8243; _module_preset=&#8221;default&#8221; hover_enabled=&#8221;0&#8243; global_colors_info=&#8221;{}&#8221; theme_builder_area=&#8221;post_content&#8221; sticky_enabled=&#8221;0&#8243;][/et_pb_gallery][/et_pb_column][/et_pb_row][/et_pb_section]</p>

<p>Muzykoterapia jest prowadzona w 4 grupach po 10 osób przez mgr Katarzynę Kraszewską. Zajęcia z muzykoterapii dla przedszkolaków to wspaniała okazja, aby wprowadzić najmłodszych w świat muzyki i jej terapeutycznych właściwości. Poprzez zabawę z dźwiękami, śpiewanie piosenek i grę na prostych instrumentach, dzieci mogą rozwijać swoje zdolności muzyczne oraz emocjonalne. Na zajęciach przedszkolaki uczą się [&hellip;]</p>
