{"id":490,"date":"2024-05-15T22:13:18","date_gmt":"2024-05-15T20:13:18","guid":{"rendered":"https:\/\/przedszkolecieszyn.diecezjabielsko.pl\/?page_id=490"},"modified":"2025-03-17T19:52:03","modified_gmt":"2025-03-17T18:52:03","slug":"terapia-reki","status":"publish","type":"page","link":"https:\/\/przedszkolecieszyn.diecezjabielsko.pl\/index.php\/terapia-reki\/","title":{"rendered":"Preorientacja zawodowa"},"content":{"rendered":"<p>[et_pb_section fb_built=&#8221;1&#8243; _builder_version=&#8221;4.25.1&#8243; _module_preset=&#8221;default&#8221; global_colors_info=&#8221;{}&#8221; theme_builder_area=&#8221;post_content&#8221;][et_pb_row _builder_version=&#8221;4.25.1&#8243; _module_preset=&#8221;default&#8221; global_colors_info=&#8221;{}&#8221; theme_builder_area=&#8221;post_content&#8221;][et_pb_column type=&#8221;4_4&#8243; _builder_version=&#8221;4.25.1&#8243; _module_preset=&#8221;default&#8221; global_colors_info=&#8221;{}&#8221; theme_builder_area=&#8221;post_content&#8221;][et_pb_text _builder_version=&#8221;4.25.2&#8243; _module_preset=&#8221;default&#8221; hover_enabled=&#8221;0&#8243; global_colors_info=&#8221;{}&#8221; theme_builder_area=&#8221;post_content&#8221; sticky_enabled=&#8221;0&#8243;]<\/p>\n<p style=\"text-align: justify;\"><strong>Preorientacja zawodowa prowadzona jest w 4 grupach po 10 dzieci przez mgr\u00a0Ann\u0119 W\u00f3jtowicz<\/strong><\/p>\n<p style=\"text-align: justify;\"><span style=\"font-size: 18px;\">Preorientacja zawodowa dla przedszkolak\u00f3w to wspania\u0142a okazja, aby ju\u017c od najm\u0142odszych lat rozwija\u0107 zainteresowania i odkrywa\u0107 r\u00f3\u017cnorodne zawody. Poprzez zabaw\u0119 i interaktywne zaj\u0119cia, dzieci mog\u0105 poznawa\u0107 r\u00f3\u017cne profesje, takie jak lekarz, stra\u017cak, nauczyciel czy artysta.<\/span><\/p>\n<p style=\"text-align: justify;\">Na takich zaj\u0119ciach przedszkolaki maj\u0105 mo\u017cliwo\u015b\u0107 wcielania si\u0119 w r\u00f3\u017cne role, co pomaga im zrozumie\u0107, na czym polegaj\u0105 poszczeg\u00f3lne zawody. Mog\u0105 na przyk\u0142ad bawi\u0107 si\u0119 w sklep, gdzie ucz\u0105 si\u0119 o pracy sprzedawcy, czy w szpital, gdzie poznaj\u0105 zaw\u00f3d lekarza.<\/p>\n<p style=\"text-align: justify;\">Preorientacja zawodowa rozwija wyobra\u017ani\u0119, kreatywno\u015b\u0107 i umiej\u0119tno\u015bci spo\u0142eczne dzieci. Dzi\u0119ki temu mog\u0105 lepiej zrozumie\u0107 \u015bwiat doros\u0142ych i zacz\u0105\u0107 my\u015ble\u0107 o swoich przysz\u0142ych zainteresowaniach i pasjach. To tak\u017ce \u015bwietna okazja do nauki wsp\u00f3\u0142pracy i komunikacji w grupie.<\/p>\n<p>[\/et_pb_text][\/et_pb_column][\/et_pb_row][et_pb_row _builder_version=&#8221;4.25.1&#8243; _module_preset=&#8221;default&#8221; global_colors_info=&#8221;{}&#8221; theme_builder_area=&#8221;post_content&#8221;][et_pb_column type=&#8221;4_4&#8243; _builder_version=&#8221;4.25.1&#8243; _module_preset=&#8221;default&#8221; global_colors_info=&#8221;{}&#8221; theme_builder_area=&#8221;post_content&#8221;][et_pb_gallery gallery_ids=&#8221;862,863,864,865&#8243; gallery_orderby=&#8221;rand&#8221; orientation=&#8221;portrait&#8221; show_title_and_caption=&#8221;off&#8221; _builder_version=&#8221;4.25.2&#8243; _module_preset=&#8221;default&#8221; hover_enabled=&#8221;0&#8243; global_colors_info=&#8221;{}&#8221; theme_builder_area=&#8221;post_content&#8221; sticky_enabled=&#8221;0&#8243;][\/et_pb_gallery][\/et_pb_column][\/et_pb_row][\/et_pb_section]<\/p>\n","protected":false},"excerpt":{"rendered":"<p>Preorientacja zawodowa prowadzona jest w 4 grupach po 10 dzieci przez mgr\u00a0Ann\u0119 W\u00f3jtowicz Preorientacja zawodowa dla przedszkolak\u00f3w to wspania\u0142a okazja, aby ju\u017c od najm\u0142odszych lat rozwija\u0107 zainteresowania i odkrywa\u0107 r\u00f3\u017cnorodne zawody. Poprzez zabaw\u0119 i interaktywne zaj\u0119cia, dzieci mog\u0105 poznawa\u0107 r\u00f3\u017cne profesje, takie jak lekarz, stra\u017cak, nauczyciel czy artysta. Na takich zaj\u0119ciach przedszkolaki maj\u0105 mo\u017cliwo\u015b\u0107 wcielania [&hellip;]<\/p>\n","protected":false},"author":2,"featured_media":0,"parent":0,"menu_order":0,"comment_status":"closed","ping_status":"closed","template":"","meta":{"_et_pb_use_builder":"on","_et_pb_old_content":"","_et_gb_content_width":"","footnotes":""},"class_list":["post-490","page","type-page","status-publish","hentry"],"_links":{"self":[{"href":"https:\/\/przedszkolecieszyn.diecezjabielsko.pl\/index.php\/wp-json\/wp\/v2\/pages\/490","targetHints":{"allow":["GET"]}}],"collection":[{"href":"https:\/\/przedszkolecieszyn.diecezjabielsko.pl\/index.php\/wp-json\/wp\/v2\/pages"}],"about":[{"href":"https:\/\/przedszkolecieszyn.diecezjabielsko.pl\/index.php\/wp-json\/wp\/v2\/types\/page"}],"author":[{"embeddable":true,"href":"https:\/\/przedszkolecieszyn.diecezjabielsko.pl\/index.php\/wp-json\/wp\/v2\/users\/2"}],"replies":[{"embeddable":true,"href":"https:\/\/przedszkolecieszyn.diecezjabielsko.pl\/index.php\/wp-json\/wp\/v2\/comments?post=490"}],"version-history":[{"count":10,"href":"https:\/\/przedszkolecieszyn.diecezjabielsko.pl\/index.php\/wp-json\/wp\/v2\/pages\/490\/revisions"}],"predecessor-version":[{"id":866,"href":"https:\/\/przedszkolecieszyn.diecezjabielsko.pl\/index.php\/wp-json\/wp\/v2\/pages\/490\/revisions\/866"}],"wp:attachment":[{"href":"https:\/\/przedszkolecieszyn.diecezjabielsko.pl\/index.php\/wp-json\/wp\/v2\/media?parent=490"}],"curies":[{"name":"wp","href":"https:\/\/api.w.org\/{rel}","templated":true}]}}

<p>[et_pb_section fb_built=&#8221;1&#8243; _builder_version=&#8221;4.25.1&#8243; _module_preset=&#8221;default&#8221; global_colors_info=&#8221;{}&#8221; theme_builder_area=&#8221;post_content&#8221;][et_pb_row _builder_version=&#8221;4.25.1&#8243; _module_preset=&#8221;default&#8221; global_colors_info=&#8221;{}&#8221; theme_builder_area=&#8221;post_content&#8221;][et_pb_column type=&#8221;4_4&#8243; _builder_version=&#8221;4.25.1&#8243; _module_preset=&#8221;default&#8221; global_colors_info=&#8221;{}&#8221; theme_builder_area=&#8221;post_content&#8221;][et_pb_text _builder_version=&#8221;4.25.2&#8243; _module_preset=&#8221;default&#8221; hover_enabled=&#8221;0&#8243; global_colors_info=&#8221;{}&#8221; theme_builder_area=&#8221;post_content&#8221; sticky_enabled=&#8221;0&#8243;]</p>
<p style="text-align: justify;"><strong>Preorientacja zawodowa prowadzona jest w 4 grupach po 10 dzieci przez mgr Annę Wójtowicz</strong></p>
<p style="text-align: justify;"><span style="font-size: 18px;">Preorientacja zawodowa dla przedszkolaków to wspaniała okazja, aby już od najmłodszych lat rozwijać zainteresowania i odkrywać różnorodne zawody. Poprzez zabawę i interaktywne zajęcia, dzieci mogą poznawać różne profesje, takie jak lekarz, strażak, nauczyciel czy artysta.</span></p>
<p style="text-align: justify;">Na takich zajęciach przedszkolaki mają możliwość wcielania się w różne role, co pomaga im zrozumieć, na czym polegają poszczególne zawody. Mogą na przykład bawić się w sklep, gdzie uczą się o pracy sprzedawcy, czy w szpital, gdzie poznają zawód lekarza.</p>
<p style="text-align: justify;">Preorientacja zawodowa rozwija wyobraźnię, kreatywność i umiejętności społeczne dzieci. Dzięki temu mogą lepiej zrozumieć świat dorosłych i zacząć myśleć o swoich przyszłych zainteresowaniach i pasjach. To także świetna okazja do nauki współpracy i komunikacji w grupie.</p>
<p>[/et_pb_text][/et_pb_column][/et_pb_row][et_pb_row _builder_version=&#8221;4.25.1&#8243; _module_preset=&#8221;default&#8221; global_colors_info=&#8221;{}&#8221; theme_builder_area=&#8221;post_content&#8221;][et_pb_column type=&#8221;4_4&#8243; _builder_version=&#8221;4.25.1&#8243; _module_preset=&#8221;default&#8221; global_colors_info=&#8221;{}&#8221; theme_builder_area=&#8221;post_content&#8221;][et_pb_gallery gallery_ids=&#8221;862,863,864,865&#8243; gallery_orderby=&#8221;rand&#8221; orientation=&#8221;portrait&#8221; show_title_and_caption=&#8221;off&#8221; _builder_version=&#8221;4.25.2&#8243; _module_preset=&#8221;default&#8221; hover_enabled=&#8221;0&#8243; global_colors_info=&#8221;{}&#8221; theme_builder_area=&#8221;post_content&#8221; sticky_enabled=&#8221;0&#8243;][/et_pb_gallery][/et_pb_column][/et_pb_row][/et_pb_section]</p>

<p>Preorientacja zawodowa prowadzona jest w 4 grupach po 10 dzieci przez mgr Annę Wójtowicz Preorientacja zawodowa dla przedszkolaków to wspaniała okazja, aby już od najmłodszych lat rozwijać zainteresowania i odkrywać różnorodne zawody. Poprzez zabawę i interaktywne zajęcia, dzieci mogą poznawać różne profesje, takie jak lekarz, strażak, nauczyciel czy artysta. Na takich zajęciach przedszkolaki mają możliwość wcielania [&hellip;]</p>
