{"id":523,"date":"2024-05-15T22:45:06","date_gmt":"2024-05-15T20:45:06","guid":{"rendered":"https:\/\/przedszkolecieszyn.diecezjabielsko.pl\/?page_id=523"},"modified":"2025-03-17T20:35:08","modified_gmt":"2025-03-17T19:35:08","slug":"terapia-kompetencji-jezykowych-i-komunikacyjnych","status":"publish","type":"page","link":"https:\/\/przedszkolecieszyn.diecezjabielsko.pl\/index.php\/terapia-kompetencji-jezykowych-i-komunikacyjnych\/","title":{"rendered":"Terapia ogrodem"},"content":{"rendered":"<p>[et_pb_section fb_built=&#8221;1&#8243; _builder_version=&#8221;4.25.2&#8243; custom_margin=&#8221;2px||-136px|||&#8221; global_colors_info=&#8221;{}&#8221; theme_builder_area=&#8221;post_content&#8221; custom_padding=&#8221;||0px|||&#8221;][\/et_pb_section][et_pb_section fb_built=&#8221;1&#8243; _builder_version=&#8221;4.25.2&#8243; custom_margin=&#8221;2px|||||&#8221; global_colors_info=&#8221;{}&#8221; theme_builder_area=&#8221;post_content&#8221;][et_pb_row _builder_version=&#8221;4.25.2&#8243; background_size=&#8221;initial&#8221; background_position=&#8221;top_left&#8221; background_repeat=&#8221;repeat&#8221; min_height=&#8221;230.8px&#8221; custom_padding=&#8221;66px|||||&#8221; global_colors_info=&#8221;{}&#8221; theme_builder_area=&#8221;post_content&#8221;][et_pb_column type=&#8221;4_4&#8243; _builder_version=&#8221;4.16&#8243; custom_padding=&#8221;|||&#8221; global_colors_info=&#8221;{}&#8221; custom_padding__hover=&#8221;|||&#8221; theme_builder_area=&#8221;post_content&#8221;][et_pb_text admin_label=&#8221;Zaj\u0119cia terapii ogrodem prowadzone s\u0105 w 4 grupach po 10 dzieci przez mgr Urszul\u0119 Kisia\u0142\u0119&#8221; _builder_version=&#8221;4.25.2&#8243; background_size=&#8221;initial&#8221; background_position=&#8221;top_left&#8221; background_repeat=&#8221;repeat&#8221; global_colors_info=&#8221;{}&#8221; theme_builder_area=&#8221;post_content&#8221;]<\/p>\n<p><strong>Zajecia terapii ogrodem prowadzone s\u0105 w 4 grupach po 10 dzieci przez mgr Urszul\u0119 Kisia\u0142\u0119<\/strong><\/p>\n<p style=\"text-align: justify;\">Terapia ogrodem to wyj\u0105tkowy spos\u00f3b na rozwijanie umiej\u0119tno\u015bci dzieci w naturalnym otoczeniu. Dzi\u0119ki blisko\u015bci przyrody, maluchy ucz\u0105 si\u0119 obserwacji, odpowiedzialno\u015bci oraz wsp\u00f3\u0142pracy. Ka\u017cda chwila sp\u0119dzona w ogrodzie to nie tylko zabawa, ale tak\u017ce szansa na odkrywanie tajemnic natury. Wsp\u00f3lnie sadzimy ro\u015bliny, piel\u0119gnujemy je i obserwujemy ich wzrost, co daje dzieciom poczucie satysfakcji i osi\u0105gni\u0119\u0107. Nasze zaj\u0119cia s\u0105 dostosowane do potrzeb ka\u017cdego dziecka, aby ka\u017cdy m\u00f3g\u0142 czerpa\u0107 rado\u015b\u0107 z obcowania z przyrod\u0105. Zapraszamy do wsp\u00f3lnej zabawy w ogrodzie, gdzie ka\u017cdy dzie\u0144 przynosi nowe wyzwania i rado\u015bci.<\/p>\n<p>[\/et_pb_text][\/et_pb_column][\/et_pb_row][et_pb_row column_structure=&#8221;1_3,1_3,1_3&#8243; _builder_version=&#8221;4.25.2&#8243; _module_preset=&#8221;default&#8221; global_colors_info=&#8221;{}&#8221; theme_builder_area=&#8221;post_content&#8221;][et_pb_column type=&#8221;1_3&#8243; _builder_version=&#8221;4.25.2&#8243; _module_preset=&#8221;default&#8221; global_colors_info=&#8221;{}&#8221; theme_builder_area=&#8221;post_content&#8221;][et_pb_image src=&#8221;https:\/\/przedszkolecieszyn.diecezjabielsko.pl\/wp-content\/uploads\/2025\/03\/2-3.jpg&#8221; title_text=&#8221;2&#8243; _builder_version=&#8221;4.25.2&#8243; _module_preset=&#8221;default&#8221; global_colors_info=&#8221;{}&#8221; theme_builder_area=&#8221;post_content&#8221;][\/et_pb_image][\/et_pb_column][et_pb_column type=&#8221;1_3&#8243; _builder_version=&#8221;4.25.2&#8243; _module_preset=&#8221;default&#8221; global_colors_info=&#8221;{}&#8221; theme_builder_area=&#8221;post_content&#8221;][et_pb_image src=&#8221;https:\/\/przedszkolecieszyn.diecezjabielsko.pl\/wp-content\/uploads\/2025\/03\/5.jpg&#8221; title_text=&#8221;5&#8243; _builder_version=&#8221;4.25.2&#8243; _module_preset=&#8221;default&#8221; global_colors_info=&#8221;{}&#8221; theme_builder_area=&#8221;post_content&#8221;][\/et_pb_image][\/et_pb_column][et_pb_column type=&#8221;1_3&#8243; _builder_version=&#8221;4.25.2&#8243; _module_preset=&#8221;default&#8221; global_colors_info=&#8221;{}&#8221; theme_builder_area=&#8221;post_content&#8221;][et_pb_image src=&#8221;https:\/\/przedszkolecieszyn.diecezjabielsko.pl\/wp-content\/uploads\/2025\/03\/4-2.jpg&#8221; title_text=&#8221;4&#8243; _builder_version=&#8221;4.25.2&#8243; _module_preset=&#8221;default&#8221; global_colors_info=&#8221;{}&#8221; theme_builder_area=&#8221;post_content&#8221;][\/et_pb_image][\/et_pb_column][\/et_pb_row][\/et_pb_section]<\/p>\n","protected":false},"excerpt":{"rendered":"<p>Zajecia terapii ogrodem prowadzone s\u0105 w 4 grupach po 10 dzieci przez mgr Urszul\u0119 Kisia\u0142\u0119 Terapia ogrodem to wyj\u0105tkowy spos\u00f3b na rozwijanie umiej\u0119tno\u015bci dzieci w naturalnym otoczeniu. Dzi\u0119ki blisko\u015bci przyrody, maluchy ucz\u0105 si\u0119 obserwacji, odpowiedzialno\u015bci oraz wsp\u00f3\u0142pracy. Ka\u017cda chwila sp\u0119dzona w ogrodzie to nie tylko zabawa, ale tak\u017ce szansa na odkrywanie tajemnic natury. Wsp\u00f3lnie sadzimy [&hellip;]<\/p>\n","protected":false},"author":2,"featured_media":0,"parent":0,"menu_order":0,"comment_status":"closed","ping_status":"closed","template":"","meta":{"_et_pb_use_builder":"on","_et_pb_old_content":"<!-- wp:quote -->\n<blockquote class=\"wp-block-quote\"><!-- wp:paragraph -->\n<p><\/p>\n<!-- \/wp:paragraph --><\/blockquote>\n<!-- \/wp:quote -->","_et_gb_content_width":"","footnotes":""},"class_list":["post-523","page","type-page","status-publish","hentry"],"_links":{"self":[{"href":"https:\/\/przedszkolecieszyn.diecezjabielsko.pl\/index.php\/wp-json\/wp\/v2\/pages\/523","targetHints":{"allow":["GET"]}}],"collection":[{"href":"https:\/\/przedszkolecieszyn.diecezjabielsko.pl\/index.php\/wp-json\/wp\/v2\/pages"}],"about":[{"href":"https:\/\/przedszkolecieszyn.diecezjabielsko.pl\/index.php\/wp-json\/wp\/v2\/types\/page"}],"author":[{"embeddable":true,"href":"https:\/\/przedszkolecieszyn.diecezjabielsko.pl\/index.php\/wp-json\/wp\/v2\/users\/2"}],"replies":[{"embeddable":true,"href":"https:\/\/przedszkolecieszyn.diecezjabielsko.pl\/index.php\/wp-json\/wp\/v2\/comments?post=523"}],"version-history":[{"count":10,"href":"https:\/\/przedszkolecieszyn.diecezjabielsko.pl\/index.php\/wp-json\/wp\/v2\/pages\/523\/revisions"}],"predecessor-version":[{"id":888,"href":"https:\/\/przedszkolecieszyn.diecezjabielsko.pl\/index.php\/wp-json\/wp\/v2\/pages\/523\/revisions\/888"}],"wp:attachment":[{"href":"https:\/\/przedszkolecieszyn.diecezjabielsko.pl\/index.php\/wp-json\/wp\/v2\/media?parent=523"}],"curies":[{"name":"wp","href":"https:\/\/api.w.org\/{rel}","templated":true}]}}

<p>[et_pb_section fb_built=&#8221;1&#8243; _builder_version=&#8221;4.25.2&#8243; custom_margin=&#8221;2px||-136px|||&#8221; global_colors_info=&#8221;{}&#8221; theme_builder_area=&#8221;post_content&#8221; custom_padding=&#8221;||0px|||&#8221;][/et_pb_section][et_pb_section fb_built=&#8221;1&#8243; _builder_version=&#8221;4.25.2&#8243; custom_margin=&#8221;2px|||||&#8221; global_colors_info=&#8221;{}&#8221; theme_builder_area=&#8221;post_content&#8221;][et_pb_row _builder_version=&#8221;4.25.2&#8243; background_size=&#8221;initial&#8221; background_position=&#8221;top_left&#8221; background_repeat=&#8221;repeat&#8221; min_height=&#8221;230.8px&#8221; custom_padding=&#8221;66px|||||&#8221; global_colors_info=&#8221;{}&#8221; theme_builder_area=&#8221;post_content&#8221;][et_pb_column type=&#8221;4_4&#8243; _builder_version=&#8221;4.16&#8243; custom_padding=&#8221;|||&#8221; global_colors_info=&#8221;{}&#8221; custom_padding__hover=&#8221;|||&#8221; theme_builder_area=&#8221;post_content&#8221;][et_pb_text admin_label=&#8221;Zajęcia terapii ogrodem prowadzone są w 4 grupach po 10 dzieci przez mgr Urszulę Kisiałę&#8221; _builder_version=&#8221;4.25.2&#8243; background_size=&#8221;initial&#8221; background_position=&#8221;top_left&#8221; background_repeat=&#8221;repeat&#8221; global_colors_info=&#8221;{}&#8221; theme_builder_area=&#8221;post_content&#8221;]</p>
<p><strong>Zajecia terapii ogrodem prowadzone są w 4 grupach po 10 dzieci przez mgr Urszulę Kisiałę</strong></p>
<p style="text-align: justify;">Terapia ogrodem to wyjątkowy sposób na rozwijanie umiejętności dzieci w naturalnym otoczeniu. Dzięki bliskości przyrody, maluchy uczą się obserwacji, odpowiedzialności oraz współpracy. Każda chwila spędzona w ogrodzie to nie tylko zabawa, ale także szansa na odkrywanie tajemnic natury. Wspólnie sadzimy rośliny, pielęgnujemy je i obserwujemy ich wzrost, co daje dzieciom poczucie satysfakcji i osiągnięć. Nasze zajęcia są dostosowane do potrzeb każdego dziecka, aby każdy mógł czerpać radość z obcowania z przyrodą. Zapraszamy do wspólnej zabawy w ogrodzie, gdzie każdy dzień przynosi nowe wyzwania i radości.</p>
<p>[/et_pb_text][/et_pb_column][/et_pb_row][et_pb_row column_structure=&#8221;1_3,1_3,1_3&#8243; _builder_version=&#8221;4.25.2&#8243; _module_preset=&#8221;default&#8221; global_colors_info=&#8221;{}&#8221; theme_builder_area=&#8221;post_content&#8221;][et_pb_column type=&#8221;1_3&#8243; _builder_version=&#8221;4.25.2&#8243; _module_preset=&#8221;default&#8221; global_colors_info=&#8221;{}&#8221; theme_builder_area=&#8221;post_content&#8221;][et_pb_image src=&#8221;https://przedszkolecieszyn.diecezjabielsko.pl/wp-content/uploads/2025/03/2-3.jpg&#8221; title_text=&#8221;2&#8243; _builder_version=&#8221;4.25.2&#8243; _module_preset=&#8221;default&#8221; global_colors_info=&#8221;{}&#8221; theme_builder_area=&#8221;post_content&#8221;][/et_pb_image][/et_pb_column][et_pb_column type=&#8221;1_3&#8243; _builder_version=&#8221;4.25.2&#8243; _module_preset=&#8221;default&#8221; global_colors_info=&#8221;{}&#8221; theme_builder_area=&#8221;post_content&#8221;][et_pb_image src=&#8221;https://przedszkolecieszyn.diecezjabielsko.pl/wp-content/uploads/2025/03/5.jpg&#8221; title_text=&#8221;5&#8243; _builder_version=&#8221;4.25.2&#8243; _module_preset=&#8221;default&#8221; global_colors_info=&#8221;{}&#8221; theme_builder_area=&#8221;post_content&#8221;][/et_pb_image][/et_pb_column][et_pb_column type=&#8221;1_3&#8243; _builder_version=&#8221;4.25.2&#8243; _module_preset=&#8221;default&#8221; global_colors_info=&#8221;{}&#8221; theme_builder_area=&#8221;post_content&#8221;][et_pb_image src=&#8221;https://przedszkolecieszyn.diecezjabielsko.pl/wp-content/uploads/2025/03/4-2.jpg&#8221; title_text=&#8221;4&#8243; _builder_version=&#8221;4.25.2&#8243; _module_preset=&#8221;default&#8221; global_colors_info=&#8221;{}&#8221; theme_builder_area=&#8221;post_content&#8221;][/et_pb_image][/et_pb_column][/et_pb_row][/et_pb_section]</p>

<p>Zajecia terapii ogrodem prowadzone są w 4 grupach po 10 dzieci przez mgr Urszulę Kisiałę Terapia ogrodem to wyjątkowy sposób na rozwijanie umiejętności dzieci w naturalnym otoczeniu. Dzięki bliskości przyrody, maluchy uczą się obserwacji, odpowiedzialności oraz współpracy. Każda chwila spędzona w ogrodzie to nie tylko zabawa, ale także szansa na odkrywanie tajemnic natury. Wspólnie sadzimy [&hellip;]</p>
