{"id":81,"date":"2024-05-09T10:56:23","date_gmt":"2024-05-09T08:56:23","guid":{"rendered":"https:\/\/przedszkolecieszyn.diecezjabielsko.pl\/?page_id=81"},"modified":"2024-05-09T12:08:53","modified_gmt":"2024-05-09T10:08:53","slug":"o-nas","status":"publish","type":"page","link":"https:\/\/przedszkolecieszyn.diecezjabielsko.pl\/index.php\/o-nas\/","title":{"rendered":"O nas"},"content":{"rendered":"<p>[et_pb_section fb_built=&#8221;1&#8243; _builder_version=&#8221;4.25.0&#8243; _module_preset=&#8221;default&#8221; custom_padding=&#8221;0px||0px||false|false&#8221; global_colors_info=&#8221;{}&#8221; theme_builder_area=&#8221;post_content&#8221;][et_pb_row _builder_version=&#8221;4.25.0&#8243; _module_preset=&#8221;default&#8221; global_colors_info=&#8221;{}&#8221; theme_builder_area=&#8221;post_content&#8221;][et_pb_column type=&#8221;4_4&#8243; _builder_version=&#8221;4.25.0&#8243; _module_preset=&#8221;default&#8221; global_colors_info=&#8221;{}&#8221; theme_builder_area=&#8221;post_content&#8221;][et_pb_text _builder_version=&#8221;4.25.0&#8243; _module_preset=&#8221;default&#8221; hover_enabled=&#8221;0&#8243; global_colors_info=&#8221;{}&#8221; theme_builder_area=&#8221;post_content&#8221; sticky_enabled=&#8221;0&#8243; header_3_font_size=&#8221;24px&#8221; header_3_line_height=&#8221;1.4em&#8221;]<\/p>\n<h3 class=\"g-lead nomargintop\" style=\"text-align: center;\"><strong>Katolickie Przedszkole im. Dzieci\u0105tka Jezus dzia\u0142a od 2001 roku. Jest obecnie najwi\u0119kszym niepublicznym przedszkolem w Cieszynie.<\/strong><\/h3>\n<p><span>Swoje funkcjonowanie opiera o warto\u015bci chrze\u015bcija\u0144skie i nauki g\u0142oszone przez Jana Paw\u0142a II. Wychowankom zapewniamy wszechstronny i bezpieczny rozw\u00f3j w atmosferze szacunku i akceptacji.<\/span><span><\/span><span><\/span><\/p>\n<p>[\/et_pb_text][et_pb_gallery gallery_ids=&#8221;149,150,151,152,153,154,155,156,157,158,159,160,161,162,163,164&#8243; posts_number=&#8221;16&#8243; orientation=&#8221;portrait&#8221; show_title_and_caption=&#8221;off&#8221; _builder_version=&#8221;4.25.0&#8243; _module_preset=&#8221;default&#8221; border_radii=&#8221;on|8px|8px|8px|8px&#8221; global_colors_info=&#8221;{}&#8221; theme_builder_area=&#8221;post_content&#8221;][\/et_pb_gallery][et_pb_text _builder_version=&#8221;4.25.0&#8243; _module_preset=&#8221;default&#8221; global_colors_info=&#8221;{}&#8221; theme_builder_area=&#8221;post_content&#8221;]<\/p>\n<p><span>Nasza plac\u00f3wka jest czynna od poniedzia\u0142ku do pi\u0105tku w godzinach od 5.30 do 16.30. Zaj\u0119cia prowadzone s\u0105 w 4 grupach wiekowych: 2,5-3-latki, 4-latki, 5-latki i 6-latki. Nasze przedszkole liczy 4 oddzia\u0142y, trzy mieszcz\u0105 si\u0119 w budynku przy ul. Pokoju 5, kolejny w budynku przy Placu Dominika\u0144skim 3. Przy obu budynkach znajduj\u0105 si\u0119 pi\u0119kne ogrody wyposa\u017cone w place zabaw. Przedszkole posiada r\u00f3wnie\u017c w\u0142asn\u0105 kuchni\u0119, w kt\u00f3rej przygotowywane s\u0105 zbilansowane posi\u0142ki dla naszych wychowank\u00f3w, przygotowujemy tak\u017ce posi\u0142ki dla alergik\u00f3w.<\/span><\/p>\n<p><span>Nasza kadra pedagogiczna jest doskonale i wszechstronnie wykwalifikowana, wprowadza wiele nowoczesnych metod nauczania, ale przede wszystkim uczy wychowank\u00f3w, jak stawa\u0107 si\u0119 dobrymi i m\u0105drymi lud\u017ami.<\/span><\/p>\n<p>[\/et_pb_text][et_pb_gallery gallery_ids=&#8221;165,166,167,168,169,170,171,172&#8243; posts_number=&#8221;9&#8243; orientation=&#8221;portrait&#8221; show_title_and_caption=&#8221;off&#8221; _builder_version=&#8221;4.25.0&#8243; _module_preset=&#8221;default&#8221; border_radii=&#8221;on|8px|8px|8px|8px&#8221; global_colors_info=&#8221;{}&#8221; theme_builder_area=&#8221;post_content&#8221;][\/et_pb_gallery][et_pb_text _builder_version=&#8221;4.25.0&#8243; _module_preset=&#8221;default&#8221; global_colors_info=&#8221;{}&#8221; theme_builder_area=&#8221;post_content&#8221;]<\/p>\n<blockquote>\n<p class=\"alert alert alert-error\"><em><strong>Plac\u00f3wka oferuje szeroki wyb\u00f3r zaj\u0119\u0107 dodatkowych, co sprzyja rozwijaniu wszelkich zainteresowa\u0144 z r\u00f3\u017cnych dziedzin. Zaj\u0119cia dodatkowe s\u0105 NIEODP\u0141ATNE i realizowane w trakcie pobytu dziecka w przedszkolu.<\/strong><\/em><\/p>\n<\/blockquote>\n<p><span>Nasi wychowankowie ucz\u0105 si\u0119 j\u0119zyka angielskiego ju\u017c od 2,5 roku \u017cycia. Poza tym, uczestnicz\u0105 w zaj\u0119ciach religii katolickiej i ewangelickiej, warsztatach plastycznych, zaj\u0119ciach umuzykalniaj\u0105cych. Niezwykle atrakcyjne s\u0105 tak\u017ce zaj\u0119cia tw\u00f3rcze \u201eSpotkanie z ciekaw\u0105 osob\u0105\u201d. Dzieci korzystaj\u0105 r\u00f3wnie\u017c z zaj\u0119\u0107 na basenie przy SP nr4. Nasze przedszkolaki bior\u0105 udzia\u0142 w wielu zaj\u0119ciach poza plac\u00f3wk\u0105: wsp\u00f3\u0142pracujemy z Bibliotek\u0105 Miejsk\u0105, Uniwersytetem \u015al\u0105skim i Szko\u0142\u0105 Muzyczn\u0105. Wychodzimy do teatru i wyje\u017cd\u017camy na ciekawe wycieczki.<\/span><\/p>\n<p>Nasze PRZEDSZKOLE zapewnia kompleksow\u0105 opiek\u0119 z zakresu pomocy psychologiczno-pedagogicznej. Zatrudniamy najlepszych specjalist\u00f3w: psychologa, neurologoped\u0119, terapeut\u0119 SI, rehabilitant\u00f3w. Dzieci posiadaj\u0105ce orzeczenie o potrzebie kszta\u0142cenia specjalnego s\u0105 zwolnione z op\u0142aty czesnego.<\/p>\n<p>Katolickie PRZEDSZKOLE bardzo ceni sobie wsp\u00f3\u0142prac\u0119 z rodzicami. Staramy si\u0119, aby rodzice uczestniczyli w \u017cyciu naszej plac\u00f3wki. Organizujemy Dni Otwarte przedszkola, zaj\u0119cia adaptacyjne dla 3-latk\u00f3w wraz z rodzicami, bal karnawa\u0142owy, rodzinne wycieczki w g\u00f3ry i nasz tradycyjny Rodzinny Piknik oraz wiele innych uroczysto\u015bci min. Dzie\u0144 Babci i Dziadka, Pasowanie na Przedszkolaka, Dzie\u0144 Matki i Ojca i inne.<\/p>\n<p><span>Nasze przedszkolaki odnosz\u0105 wiele sukces\u00f3w &#8211; wygrywamy liczne konkursy na szczeblu miejskim i wojew\u00f3dzkim, prezentujemy swoje umiej\u0119tno\u015bci na wielu uroczysto\u015bciach organizowanych na terenie naszego powiatu.<br \/>Nasze przedszkole to plac\u00f3wka przyjazna dziecku, w kt\u00f3rej pociechy sp\u0119dzaj\u0105 czas w spos\u00f3b ciekawy i przyjemny.<\/span><\/p>\n<p>[\/et_pb_text][\/et_pb_column][\/et_pb_row][\/et_pb_section]<\/p>\n","protected":false},"excerpt":{"rendered":"<p>Katolickie Przedszkole im. Dzieci\u0105tka Jezus dzia\u0142a od 2001 roku. Jest obecnie najwi\u0119kszym niepublicznym przedszkolem w Cieszynie. Swoje funkcjonowanie opiera o warto\u015bci chrze\u015bcija\u0144skie i nauki g\u0142oszone przez Jana Paw\u0142a II. Wychowankom zapewniamy wszechstronny i bezpieczny rozw\u00f3j w atmosferze szacunku i akceptacji.Nasza plac\u00f3wka jest czynna od poniedzia\u0142ku do pi\u0105tku w godzinach od 5.30 do 16.30. Zaj\u0119cia prowadzone [&hellip;]<\/p>\n","protected":false},"author":2,"featured_media":0,"parent":0,"menu_order":0,"comment_status":"closed","ping_status":"closed","template":"","meta":{"_et_pb_use_builder":"on","_et_pb_old_content":"","_et_gb_content_width":"","footnotes":""},"class_list":["post-81","page","type-page","status-publish","hentry"],"_links":{"self":[{"href":"https:\/\/przedszkolecieszyn.diecezjabielsko.pl\/index.php\/wp-json\/wp\/v2\/pages\/81","targetHints":{"allow":["GET"]}}],"collection":[{"href":"https:\/\/przedszkolecieszyn.diecezjabielsko.pl\/index.php\/wp-json\/wp\/v2\/pages"}],"about":[{"href":"https:\/\/przedszkolecieszyn.diecezjabielsko.pl\/index.php\/wp-json\/wp\/v2\/types\/page"}],"author":[{"embeddable":true,"href":"https:\/\/przedszkolecieszyn.diecezjabielsko.pl\/index.php\/wp-json\/wp\/v2\/users\/2"}],"replies":[{"embeddable":true,"href":"https:\/\/przedszkolecieszyn.diecezjabielsko.pl\/index.php\/wp-json\/wp\/v2\/comments?post=81"}],"version-history":[{"count":9,"href":"https:\/\/przedszkolecieszyn.diecezjabielsko.pl\/index.php\/wp-json\/wp\/v2\/pages\/81\/revisions"}],"predecessor-version":[{"id":180,"href":"https:\/\/przedszkolecieszyn.diecezjabielsko.pl\/index.php\/wp-json\/wp\/v2\/pages\/81\/revisions\/180"}],"wp:attachment":[{"href":"https:\/\/przedszkolecieszyn.diecezjabielsko.pl\/index.php\/wp-json\/wp\/v2\/media?parent=81"}],"curies":[{"name":"wp","href":"https:\/\/api.w.org\/{rel}","templated":true}]}}

<p>[et_pb_section fb_built=&#8221;1&#8243; _builder_version=&#8221;4.25.0&#8243; _module_preset=&#8221;default&#8221; custom_padding=&#8221;0px||0px||false|false&#8221; global_colors_info=&#8221;{}&#8221; theme_builder_area=&#8221;post_content&#8221;][et_pb_row _builder_version=&#8221;4.25.0&#8243; _module_preset=&#8221;default&#8221; global_colors_info=&#8221;{}&#8221; theme_builder_area=&#8221;post_content&#8221;][et_pb_column type=&#8221;4_4&#8243; _builder_version=&#8221;4.25.0&#8243; _module_preset=&#8221;default&#8221; global_colors_info=&#8221;{}&#8221; theme_builder_area=&#8221;post_content&#8221;][et_pb_text _builder_version=&#8221;4.25.0&#8243; _module_preset=&#8221;default&#8221; hover_enabled=&#8221;0&#8243; global_colors_info=&#8221;{}&#8221; theme_builder_area=&#8221;post_content&#8221; sticky_enabled=&#8221;0&#8243; header_3_font_size=&#8221;24px&#8221; header_3_line_height=&#8221;1.4em&#8221;]</p>
<h3 class="g-lead nomargintop" style="text-align: center;"><strong>Katolickie Przedszkole im. Dzieciątka Jezus działa od 2001 roku. Jest obecnie największym niepublicznym przedszkolem w Cieszynie.</strong></h3>
<p><span>Swoje funkcjonowanie opiera o wartości chrześcijańskie i nauki głoszone przez Jana Pawła II. Wychowankom zapewniamy wszechstronny i bezpieczny rozwój w atmosferze szacunku i akceptacji.</span><span></span><span></span></p>
<p>[/et_pb_text][et_pb_gallery gallery_ids=&#8221;149,150,151,152,153,154,155,156,157,158,159,160,161,162,163,164&#8243; posts_number=&#8221;16&#8243; orientation=&#8221;portrait&#8221; show_title_and_caption=&#8221;off&#8221; _builder_version=&#8221;4.25.0&#8243; _module_preset=&#8221;default&#8221; border_radii=&#8221;on|8px|8px|8px|8px&#8221; global_colors_info=&#8221;{}&#8221; theme_builder_area=&#8221;post_content&#8221;][/et_pb_gallery][et_pb_text _builder_version=&#8221;4.25.0&#8243; _module_preset=&#8221;default&#8221; global_colors_info=&#8221;{}&#8221; theme_builder_area=&#8221;post_content&#8221;]</p>
<p><span>Nasza placówka jest czynna od poniedziałku do piątku w godzinach od 5.30 do 16.30. Zajęcia prowadzone są w 4 grupach wiekowych: 2,5-3-latki, 4-latki, 5-latki i 6-latki. Nasze przedszkole liczy 4 oddziały, trzy mieszczą się w budynku przy ul. Pokoju 5, kolejny w budynku przy Placu Dominikańskim 3. Przy obu budynkach znajdują się piękne ogrody wyposażone w place zabaw. Przedszkole posiada również własną kuchnię, w której przygotowywane są zbilansowane posiłki dla naszych wychowanków, przygotowujemy także posiłki dla alergików.</span></p>
<p><span>Nasza kadra pedagogiczna jest doskonale i wszechstronnie wykwalifikowana, wprowadza wiele nowoczesnych metod nauczania, ale przede wszystkim uczy wychowanków, jak stawać się dobrymi i mądrymi ludźmi.</span></p>
<p>[/et_pb_text][et_pb_gallery gallery_ids=&#8221;165,166,167,168,169,170,171,172&#8243; posts_number=&#8221;9&#8243; orientation=&#8221;portrait&#8221; show_title_and_caption=&#8221;off&#8221; _builder_version=&#8221;4.25.0&#8243; _module_preset=&#8221;default&#8221; border_radii=&#8221;on|8px|8px|8px|8px&#8221; global_colors_info=&#8221;{}&#8221; theme_builder_area=&#8221;post_content&#8221;][/et_pb_gallery][et_pb_text _builder_version=&#8221;4.25.0&#8243; _module_preset=&#8221;default&#8221; global_colors_info=&#8221;{}&#8221; theme_builder_area=&#8221;post_content&#8221;]</p>
<blockquote>
<p class="alert alert alert-error"><em><strong>Placówka oferuje szeroki wybór zajęć dodatkowych, co sprzyja rozwijaniu wszelkich zainteresowań z różnych dziedzin. Zajęcia dodatkowe są NIEODPŁATNE i realizowane w trakcie pobytu dziecka w przedszkolu.</strong></em></p>
</blockquote>
<p><span>Nasi wychowankowie uczą się języka angielskiego już od 2,5 roku życia. Poza tym, uczestniczą w zajęciach religii katolickiej i ewangelickiej, warsztatach plastycznych, zajęciach umuzykalniających. Niezwykle atrakcyjne są także zajęcia twórcze „Spotkanie z ciekawą osobą”. Dzieci korzystają również z zajęć na basenie przy SP nr4. Nasze przedszkolaki biorą udział w wielu zajęciach poza placówką: współpracujemy z Biblioteką Miejską, Uniwersytetem Śląskim i Szkołą Muzyczną. Wychodzimy do teatru i wyjeżdżamy na ciekawe wycieczki.</span></p>
<p>Nasze PRZEDSZKOLE zapewnia kompleksową opiekę z zakresu pomocy psychologiczno-pedagogicznej. Zatrudniamy najlepszych specjalistów: psychologa, neurologopedę, terapeutę SI, rehabilitantów. Dzieci posiadające orzeczenie o potrzebie kształcenia specjalnego są zwolnione z opłaty czesnego.</p>
<p>Katolickie PRZEDSZKOLE bardzo ceni sobie współpracę z rodzicami. Staramy się, aby rodzice uczestniczyli w życiu naszej placówki. Organizujemy Dni Otwarte przedszkola, zajęcia adaptacyjne dla 3-latków wraz z rodzicami, bal karnawałowy, rodzinne wycieczki w góry i nasz tradycyjny Rodzinny Piknik oraz wiele innych uroczystości min. Dzień Babci i Dziadka, Pasowanie na Przedszkolaka, Dzień Matki i Ojca i inne.</p>
<p><span>Nasze przedszkolaki odnoszą wiele sukcesów &#8211; wygrywamy liczne konkursy na szczeblu miejskim i wojewódzkim, prezentujemy swoje umiejętności na wielu uroczystościach organizowanych na terenie naszego powiatu.<br />Nasze przedszkole to placówka przyjazna dziecku, w której pociechy spędzają czas w sposób ciekawy i przyjemny.</span></p>
<p>[/et_pb_text][/et_pb_column][/et_pb_row][/et_pb_section]</p>

<p>Katolickie Przedszkole im. Dzieciątka Jezus działa od 2001 roku. Jest obecnie największym niepublicznym przedszkolem w Cieszynie. Swoje funkcjonowanie opiera o wartości chrześcijańskie i nauki głoszone przez Jana Pawła II. Wychowankom zapewniamy wszechstronny i bezpieczny rozwój w atmosferze szacunku i akceptacji.Nasza placówka jest czynna od poniedziałku do piątku w godzinach od 5.30 do 16.30. Zajęcia prowadzone [&hellip;]</p>
